{"id":180,"date":"2025-04-24T20:58:51","date_gmt":"2025-04-24T18:58:51","guid":{"rendered":"https:\/\/wordpress.nibis.de\/stueve\/?page_id=180"},"modified":"2025-04-27T20:52:32","modified_gmt":"2025-04-27T18:52:32","slug":"tagesablauf","status":"publish","type":"page","link":"https:\/\/wordpress.nibis.de\/stueve\/tagesablauf\/","title":{"rendered":"Tagesablauf"},"content":{"rendered":"\n<p>Der Schulalltag an der St\u00fcveschule ist sehr vielf\u00e4ltig und lebendig. <\/p>\n\n\n\n<p>Der zeitliche Ablauf ist wie folgt aufgeteilt:<\/p>\n\n\n\n<p><strong>07.30-08.00 Uhr:<\/strong> Einlass ins Schulgeb\u00e4ude<\/p>\n\n\n\n<p><strong>08.00 &#8211; 09.30 Uhr: <\/strong>1. \/2. Unterrichtsstunde<\/p>\n\n\n\n<p><strong>09.-30 &#8211; 09.40 Uhr:<\/strong> Fr\u00fchst\u00fcckspause<\/p>\n\n\n\n<p><strong>09.40 &#8211; 10.00 Uhr:<\/strong> 1. gro\u00dfe Pause<\/p>\n\n\n\n<p><strong>10.00 &#8211; 11.30 Uhr:<\/strong> 3. \/4. Unterrichtsstunde (Unterrichtsende f\u00fcr die 1. Klassen bis auf Freitag)<\/p>\n\n\n\n<p><strong>11.30 &#8211; 11.45 Uhr:<\/strong> 2. gro\u00dfe Pause<\/p>\n\n\n\n<p><strong>11.45 &#8211; 13.15 Uhr: <\/strong>5. \/ 6. Unterrichtsstunde (Unterrichtsende f\u00fcr alle Klassen)<\/p>\n\n\n\n<p><\/p>\n\n\n\n<p>Ab <strong>11.45 Uhr <\/strong>beginnt bereits das<strong> Ganztagsangebot <\/strong>der St\u00fcveschule.<\/p>\n\n\n\n<p>In dem Zeitraum <strong>zwischen 11.45 Uhr bis 15.00 Uhr <\/strong>erhalten die Sch\u00fcler:innen  nicht nur ein warmes Mittagessen, sondern k\u00f6nnen auch ein ein abwechslungsreiches Spiel- und Betreuungsangebot (inklusive Hausaufgabenbetreuung) nutzen.<\/p>\n\n\n\n<p>Um Ihr Kind im Ganztag sowie f\u00fcr das Mittagessen anzumelden, gehen Sie in den Bereich<strong> &#8222;Formulare&#8220;<\/strong>, f\u00fcllen die jeweiligen Anmeldeb\u00f6gen aus und geben Sie diese im Sekretariat ab.<\/p>\n\n\n\n<p><\/p>\n","protected":false},"excerpt":{"rendered":"<p>Der Schulalltag an der St\u00fcveschule ist sehr vielf\u00e4ltig und lebendig. Der zeitliche Ablauf ist wie folgt aufgeteilt: 07.30-08.00 Uhr: Einlass ins Schulgeb\u00e4ude 08.00 &#8211; 09.30 Uhr: 1. \/2. Unterrichtsstunde 09.-30 &#8211; 09.40 Uhr: Fr\u00fchst\u00fcckspause 09.40 &#8211; 10.00 Uhr: 1. gro\u00dfe Pause 10.00 &#8211; 11.30 Uhr: 3. \/4. Unterrichtsstunde (Unterrichtsende f\u00fcr die 1. Klassen bis auf Freitag) 11.30 &#8211; 11.45 Uhr: 2. gro\u00dfe Pause 11.45 &#8211; 13.15 Uhr: 5. \/ 6. Unterrichtsstunde (Unterrichtsende f\u00fcr alle Klassen) Ab 11.45 Uhr beginnt bereits das Ganztagsangebot der St\u00fcveschule. In dem Zeitraum zwischen 11.45 Uhr bis 15.00 Uhr erhalten die Sch\u00fcler:innen nicht nur ein warmes Mittagessen, sondern k\u00f6nnen auch ein ein abwechslungsreiches Spiel- und Betreuungsangebot (inklusive Hausaufgabenbetreuung) nutzen. Um Ihr Kind im Ganztag sowie f\u00fcr das Mittagessen anzumelden, gehen Sie in den Bereich &#8222;Formulare&#8220;, f\u00fcllen die jeweiligen Anmeldeb\u00f6gen aus und geben Sie diese im Sekretariat ab.<\/p>\n","protected":false},"author":9194546,"featured_media":0,"parent":0,"menu_order":0,"comment_status":"closed","ping_status":"closed","template":"","meta":{"footnotes":""},"class_list":["post-180","page","type-page","status-publish","hentry"],"_links":{"self":[{"href":"https:\/\/wordpress.nibis.de\/stueve\/wp-json\/wp\/v2\/pages\/180","targetHints":{"allow":["GET"]}}],"collection":[{"href":"https:\/\/wordpress.nibis.de\/stueve\/wp-json\/wp\/v2\/pages"}],"about":[{"href":"https:\/\/wordpress.nibis.de\/stueve\/wp-json\/wp\/v2\/types\/page"}],"author":[{"embeddable":true,"href":"https:\/\/wordpress.nibis.de\/stueve\/wp-json\/wp\/v2\/users\/9194546"}],"replies":[{"embeddable":true,"href":"https:\/\/wordpress.nibis.de\/stueve\/wp-json\/wp\/v2\/comments?post=180"}],"version-history":[{"count":5,"href":"https:\/\/wordpress.nibis.de\/stueve\/wp-json\/wp\/v2\/pages\/180\/revisions"}],"predecessor-version":[{"id":185,"href":"https:\/\/wordpress.nibis.de\/stueve\/wp-json\/wp\/v2\/pages\/180\/revisions\/185"}],"wp:attachment":[{"href":"https:\/\/wordpress.nibis.de\/stueve\/wp-json\/wp\/v2\/media?parent=180"}],"curies":[{"name":"wp","href":"https:\/\/api.w.org\/{rel}","templated":true}]}}