{"id":266,"date":"2025-04-28T18:50:23","date_gmt":"2025-04-28T16:50:23","guid":{"rendered":"https:\/\/wordpress.nibis.de\/stueve\/?page_id=266"},"modified":"2025-04-28T18:51:58","modified_gmt":"2025-04-28T16:51:58","slug":"der-schulelternrat","status":"publish","type":"page","link":"https:\/\/wordpress.nibis.de\/stueve\/der-schulelternrat\/","title":{"rendered":"Der Schulelternrat"},"content":{"rendered":"\n<p>Alle Elternvertreter:innen der Klassen treffen sich regelm\u00e4\u00dfig in der Schulelternratssitzung. <\/p>\n\n\n\n<p><\/p>\n\n\n\n<p>Der Schulelternrat w\u00e4hlt aus seinen Reihen eine:n Schulelternratsvorsitzende:n und eine Stellvertretung. Au\u00dferdem werden die Vertreter:innen der Eltern f\u00fcr die\u00a0Gesamtkonferenz\u00a0und die\u00a0Fachkonferenzen\u00a0gew\u00e4hlt. Dort werden die Anliegen der Eltern untereinander und mit der\u00a0Schulleitung\u00a0besprochen.\u00a0<\/p>\n\n\n\n<p><\/p>\n\n\n\n<p><strong><br>Auszug aus dem Nieders\u00e4chischen Schulgesetz:<\/strong><\/p>\n\n\n\n<p><strong>\u00a7 90Schulelternrat\u00a0<\/strong><br>(1) Die Vorsitzenden der Klassenelternschaften bilden den Schulelternrat. In der Berufsschule geh\u00f6ren auch die Vorsitzenden der Bereichselternschaften dem Schulelternrat an.\u00a0<\/p>\n\n\n\n<p><br>(2) Wird eine Schule von mindestens zehn ausl\u00e4ndischen Sch\u00fclerinnen oder Sch\u00fclern besucht und geh\u00f6rt von deren Erziehungsberechtigten niemand dem Schulelternrat an, so k\u00f6nnen diese Erziehungsberechtigten aus ihrer Mitte ein zus\u00e4tzliches Mitglied und ein stellvertretendes Mitglied des Schulelternrats w\u00e4hlen.\u00a0<\/p>\n\n\n\n<p><br>(3) Der Schulelternrat w\u00e4hlt die Elternratsvorsitzende oder den Elternratsvorsitzenden und eine Stellvertreterin oder einen Stellvertreter oder mehrere Stellvertreterinnen oder Stellvertreter aus seiner Mitte sowie die Vertreterinnen oder Vertreter und eine gleiche Anzahl von Stellvertreterinnen oder Stellvertretern in der Gesamtkonferenz, in den Teilkonferenzen, au\u00dfer denen f\u00fcr organisatorische Bereiche, und in den entsprechenden Aussch\u00fcssen nach \u00a739 Abs.1.\u00a0<\/p>\n\n\n\n<p><br>(4) Die oder der Vorsitzende l\u00e4dt den Schulelternrat mindestens zweimal im Jahr zu einer Sitzung ein. Eine Sitzung des Schulelternrats ist auch einzuberufen, wenn ein F\u00fcnftel der Mitglieder oder die Schulleitung es unter Angabe des Beratungsgegenstandes verlangt.<\/p>\n","protected":false},"excerpt":{"rendered":"<p>Alle Elternvertreter:innen der Klassen treffen sich regelm\u00e4\u00dfig in der Schulelternratssitzung. Der Schulelternrat w\u00e4hlt aus seinen Reihen eine:n Schulelternratsvorsitzende:n und eine Stellvertretung. Au\u00dferdem werden die Vertreter:innen der Eltern f\u00fcr die\u00a0Gesamtkonferenz\u00a0und die\u00a0Fachkonferenzen\u00a0gew\u00e4hlt. Dort werden die Anliegen der Eltern untereinander und mit der\u00a0Schulleitung\u00a0besprochen.\u00a0 Auszug aus dem Nieders\u00e4chischen Schulgesetz: \u00a7 90Schulelternrat\u00a0(1) Die Vorsitzenden der Klassenelternschaften bilden den Schulelternrat. In der Berufsschule geh\u00f6ren auch die Vorsitzenden der Bereichselternschaften dem Schulelternrat an.\u00a0 (2) Wird eine Schule von mindestens zehn ausl\u00e4ndischen Sch\u00fclerinnen oder Sch\u00fclern besucht und geh\u00f6rt von deren Erziehungsberechtigten niemand dem Schulelternrat an, so k\u00f6nnen diese Erziehungsberechtigten aus ihrer Mitte ein zus\u00e4tzliches Mitglied und ein stellvertretendes Mitglied des Schulelternrats w\u00e4hlen.\u00a0 (3) Der Schulelternrat w\u00e4hlt die Elternratsvorsitzende oder den Elternratsvorsitzenden und eine Stellvertreterin oder einen Stellvertreter oder mehrere Stellvertreterinnen oder Stellvertreter aus seiner Mitte sowie die Vertreterinnen oder Vertreter und eine gleiche Anzahl von Stellvertreterinnen oder Stellvertretern in der Gesamtkonferenz, in den Teilkonferenzen, au\u00dfer denen f\u00fcr organisatorische Bereiche, und in den entsprechenden Aussch\u00fcssen nach \u00a739 Abs.1.\u00a0 (4) Die oder der Vorsitzende l\u00e4dt den Schulelternrat mindestens zweimal im Jahr zu einer Sitzung ein. Eine Sitzung des Schulelternrats ist auch einzuberufen, wenn ein F\u00fcnftel der Mitglieder oder die Schulleitung es unter Angabe des Beratungsgegenstandes verlangt.<\/p>\n","protected":false},"author":9194546,"featured_media":0,"parent":0,"menu_order":0,"comment_status":"closed","ping_status":"closed","template":"","meta":{"footnotes":""},"class_list":["post-266","page","type-page","status-publish","hentry"],"_links":{"self":[{"href":"https:\/\/wordpress.nibis.de\/stueve\/wp-json\/wp\/v2\/pages\/266","targetHints":{"allow":["GET"]}}],"collection":[{"href":"https:\/\/wordpress.nibis.de\/stueve\/wp-json\/wp\/v2\/pages"}],"about":[{"href":"https:\/\/wordpress.nibis.de\/stueve\/wp-json\/wp\/v2\/types\/page"}],"author":[{"embeddable":true,"href":"https:\/\/wordpress.nibis.de\/stueve\/wp-json\/wp\/v2\/users\/9194546"}],"replies":[{"embeddable":true,"href":"https:\/\/wordpress.nibis.de\/stueve\/wp-json\/wp\/v2\/comments?post=266"}],"version-history":[{"count":2,"href":"https:\/\/wordpress.nibis.de\/stueve\/wp-json\/wp\/v2\/pages\/266\/revisions"}],"predecessor-version":[{"id":268,"href":"https:\/\/wordpress.nibis.de\/stueve\/wp-json\/wp\/v2\/pages\/266\/revisions\/268"}],"wp:attachment":[{"href":"https:\/\/wordpress.nibis.de\/stueve\/wp-json\/wp\/v2\/media?parent=266"}],"curies":[{"name":"wp","href":"https:\/\/api.w.org\/{rel}","templated":true}]}}