{"id":322,"date":"2025-05-20T16:20:10","date_gmt":"2025-05-20T14:20:10","guid":{"rendered":"https:\/\/wordpress.nibis.de\/stueve\/?page_id=322"},"modified":"2026-01-09T12:49:28","modified_gmt":"2026-01-09T11:49:28","slug":"aktuelles-2","status":"publish","type":"page","link":"https:\/\/wordpress.nibis.de\/stueve\/aktuelles-2\/","title":{"rendered":"Aktuelles"},"content":{"rendered":"\n<p>Hier finden Sie aktuelle Berichte, Fotos und andere Nachrichten aus dem Schulalltag!<\/p>\n\n\n\n<hr class=\"wp-block-separator has-css-opacity\" \/>\n\n\n\n<figure class=\"wp-block-gallery has-nested-images columns-default is-cropped wp-block-gallery-1 is-layout-flex wp-block-gallery-is-layout-flex\">\n<figure class=\"wp-block-image size-large is-style-rounded\"><img loading=\"lazy\" decoding=\"async\" width=\"683\" height=\"1024\" data-id=\"250\" src=\"https:\/\/wordpress.nibis.de\/stueve\/files\/2025\/04\/DSC08273-683x1024.jpg\" alt=\"\" class=\"wp-image-250\" srcset=\"https:\/\/wordpress.nibis.de\/stueve\/files\/2025\/04\/DSC08273-683x1024.jpg 683w, https:\/\/wordpress.nibis.de\/stueve\/files\/2025\/04\/DSC08273-200x300.jpg 200w, https:\/\/wordpress.nibis.de\/stueve\/files\/2025\/04\/DSC08273-768x1152.jpg 768w, https:\/\/wordpress.nibis.de\/stueve\/files\/2025\/04\/DSC08273-1024x1536.jpg 1024w, https:\/\/wordpress.nibis.de\/stueve\/files\/2025\/04\/DSC08273-1365x2048.jpg 1365w, https:\/\/wordpress.nibis.de\/stueve\/files\/2025\/04\/DSC08273-scaled.jpg 1707w\" sizes=\"auto, (max-width: 683px) 100vw, 683px\" \/><\/figure>\n\n\n\n<figure class=\"wp-block-image size-large is-style-rounded\"><img loading=\"lazy\" decoding=\"async\" width=\"1707\" height=\"2560\" data-id=\"249\" src=\"https:\/\/wordpress.nibis.de\/stueve\/files\/2025\/04\/DSC08270-scaled.jpg\" alt=\"\" class=\"wp-image-249\" srcset=\"https:\/\/wordpress.nibis.de\/stueve\/files\/2025\/04\/DSC08270-scaled.jpg 1707w, https:\/\/wordpress.nibis.de\/stueve\/files\/2025\/04\/DSC08270-200x300.jpg 200w, https:\/\/wordpress.nibis.de\/stueve\/files\/2025\/04\/DSC08270-683x1024.jpg 683w, https:\/\/wordpress.nibis.de\/stueve\/files\/2025\/04\/DSC08270-768x1152.jpg 768w, https:\/\/wordpress.nibis.de\/stueve\/files\/2025\/04\/DSC08270-1024x1536.jpg 1024w, https:\/\/wordpress.nibis.de\/stueve\/files\/2025\/04\/DSC08270-1365x2048.jpg 1365w\" sizes=\"auto, (max-width: 1707px) 100vw, 1707px\" \/><\/figure>\n<\/figure>\n\n\n\n<p class=\"has-text-align-center\">Bilder aus den Fluren der St\u00fcveschule<\/p>\n\n\n\n<hr class=\"wp-block-separator has-css-opacity\" \/>\n\n\n\n<div data-wp-interactive=\"core\/file\" class=\"wp-block-file\"><object data-wp-bind--hidden=\"!state.hasPdfPreview\" hidden class=\"wp-block-file__embed\" data=\"https:\/\/wordpress.nibis.de\/stueve\/files\/2026\/01\/Berichte-4a_final.pdf\" type=\"application\/pdf\" style=\"width:100%;height:600px\" aria-label=\"Einbettung von Berichte 4a_final.\"><\/object><a id=\"wp-block-file--media-f5098fe0-a1bf-4ef3-b7e1-128d3d0318f6\" href=\"https:\/\/wordpress.nibis.de\/stueve\/files\/2026\/01\/Berichte-4a_final.pdf\">Berichte 4a_final<\/a><a href=\"https:\/\/wordpress.nibis.de\/stueve\/files\/2026\/01\/Berichte-4a_final.pdf\" class=\"wp-block-file__button wp-element-button\" download aria-describedby=\"wp-block-file--media-f5098fe0-a1bf-4ef3-b7e1-128d3d0318f6\">Herunterladen<\/a><\/div>\n\n\n\n<div class=\"wp-block-query is-layout-flow wp-block-query-is-layout-flow\">\n<div class=\"wp-block-group\"><div class=\"wp-block-group__inner-container is-layout-flow wp-block-group-is-layout-flow\"><ul class=\"wp-block-post-template is-layout-flow wp-block-post-template-is-layout-flow\"><li class=\"wp-block-post post-538 post type-post status-publish format-standard hentry category-allgemein\">\n<h2 class=\"wp-block-post-title\"><a href=\"https:\/\/wordpress.nibis.de\/stueve\/2026\/02\/08\/teilnahme-am-ema-mathematik-grundschulwettbewerb-am-05-02-2026\/\" target=\"_self\" >Teilnahme am EMA-Mathematik-Grundschulwettbewerb am 05.02.2026<\/a><\/h2>\n\n\n\n<div class=\"wp-block-post-excerpt\"><p class=\"wp-block-post-excerpt__excerpt\">Am 05. Februar 2026 nahmen f\u00fcnf Sch\u00fclerinnen und Sch\u00fcler des 4. Jahrganges erfolgreich am EMA-Mathematik-Grundschulwettbewerb teil.&nbsp;Wir gratulieren Olivier, Emina, Artsiom, Maysa und Mohamad herzlich zu ihrem Erfolg und danken allen Lehrkr\u00e4ften, die sie auf diesem Weg unterst\u00fctzt haben.Die erfolgreiche Teilnahme an diesem Wettbewerb ist ein wertvoller Meilenstein auf dem Weg zu weiteren mathematischen Herausforderungen und&hellip;<\/p><p class=\"wp-block-post-excerpt__more-text\"><a class=\"wp-block-post-excerpt__more-link\" href=\"https:\/\/wordpress.nibis.de\/stueve\/2026\/02\/08\/teilnahme-am-ema-mathematik-grundschulwettbewerb-am-05-02-2026\/\">Weiterlesen &gt;&gt;<\/a><\/p><\/div>\n\n\n<hr class=\"wp-block-separator has-css-opacity\" \/>\n\n\n<div class=\"wp-block-post-date\"><time datetime=\"2026-02-08T14:01:43+01:00\">8. Februar 2026<\/time><\/div>\n<\/li><li class=\"wp-block-post post-485 post type-post status-publish format-standard hentry category-allgemein\">\n<h2 class=\"wp-block-post-title\"><a href=\"https:\/\/wordpress.nibis.de\/stueve\/2025\/10\/05\/schulausflug-zum-hof-hauswoermann\/\" target=\"_self\" >Schulausflug zum Hof Hausw\u00f6rmann<\/a><\/h2>\n\n\n\n<div class=\"wp-block-post-excerpt\"><p class=\"wp-block-post-excerpt__excerpt\">Die Klassen 2c und 3b machten sich gemeinsam mit ihren Klassenlehrerinnen Frau Nolte und Frau Diekmann auf den Weg zu einem spannenden Ausflug. Ziel war der Hof Hauswoermann, wo uns ein erlebnisreicher Tag erwartete. Zuerst ging es ins gro\u00dfe Maislabyrinth. In kleinen Gruppen suchten die Kinder die richtigen Wege und hatten dabei jede Menge Spa\u00df.&hellip;<\/p><p class=\"wp-block-post-excerpt__more-text\"><a class=\"wp-block-post-excerpt__more-link\" href=\"https:\/\/wordpress.nibis.de\/stueve\/2025\/10\/05\/schulausflug-zum-hof-hauswoermann\/\">Weiterlesen &gt;&gt;<\/a><\/p><\/div>\n\n\n<hr class=\"wp-block-separator has-css-opacity\" \/>\n\n\n<div class=\"wp-block-post-date\"><time datetime=\"2025-10-05T11:29:26+02:00\">5. Oktober 2025<\/time><\/div>\n<\/li><li class=\"wp-block-post post-450 post type-post status-publish format-standard hentry category-allgemein\">\n<h2 class=\"wp-block-post-title\"><a href=\"https:\/\/wordpress.nibis.de\/stueve\/2025\/09\/10\/450\/\" target=\"_self\" >Klassenfahrt der Jahrgangsstufe 3<\/a><\/h2>\n\n\n\n<div class=\"wp-block-post-excerpt\"><p class=\"wp-block-post-excerpt__excerpt\">Ein tolles Erlebnis f\u00fcr unsere Drittkl\u00e4ssler! In der Woche vom 1. bis 5. September ging es f\u00fcr alle dritten Klassen auf Klassenfahrt \u2013 ein echtes Highlight im Schuljahr! Die Klassen 3b und 3d (mit Frau Diekmann und Herr K\u00e4lker) starteten am Montag und verbrachten drei spannende Tage im Naturfreundehaus bei Vehrte. Am Mittwoch wurden sie&hellip;<\/p><p class=\"wp-block-post-excerpt__more-text\"><a class=\"wp-block-post-excerpt__more-link\" href=\"https:\/\/wordpress.nibis.de\/stueve\/2025\/09\/10\/450\/\">Weiterlesen &gt;&gt;<\/a><\/p><\/div>\n\n\n<hr class=\"wp-block-separator has-css-opacity\" \/>\n\n\n<div class=\"wp-block-post-date\"><time datetime=\"2025-09-10T14:59:14+02:00\">10. September 2025<\/time><\/div>\n<\/li><\/ul><\/div><\/div>\n<\/div>\n\n\n\n<hr class=\"wp-block-separator has-css-opacity\" \/>\n\n\n<ul class=\"wp-block-latest-posts__list is-grid columns-3 wp-block-latest-posts\"><li><a class=\"wp-block-latest-posts__post-title\" href=\"https:\/\/wordpress.nibis.de\/stueve\/2026\/02\/08\/teilnahme-am-ema-mathematik-grundschulwettbewerb-am-05-02-2026\/\">Teilnahme am EMA-Mathematik-Grundschulwettbewerb am 05.02.2026<\/a><\/li>\n<li><a class=\"wp-block-latest-posts__post-title\" href=\"https:\/\/wordpress.nibis.de\/stueve\/2025\/10\/05\/schulausflug-zum-hof-hauswoermann\/\">Schulausflug zum Hof Hausw\u00f6rmann<\/a><\/li>\n<li><a class=\"wp-block-latest-posts__post-title\" href=\"https:\/\/wordpress.nibis.de\/stueve\/2025\/09\/10\/450\/\">Klassenfahrt der Jahrgangsstufe 3<\/a><\/li>\n<li><a class=\"wp-block-latest-posts__post-title\" href=\"https:\/\/wordpress.nibis.de\/stueve\/2025\/09\/10\/schulausflug-der-klasse-3b-zur-windmuehle-lechtingen\/\">Schulausflug der Klasse 3b zur Windm\u00fchle Lechtingen<\/a><\/li>\n<li><a class=\"wp-block-latest-posts__post-title\" href=\"https:\/\/wordpress.nibis.de\/stueve\/2025\/09\/07\/kreative-unterstuetzung-fuer-den-pfad-der-sinne-in-bad-iburg\/\">Kreative Unterst\u00fctzung f\u00fcr den &#8222;Pfad der Sinne&#8220; in Bad Iburg<\/a><\/li>\n<\/ul>\n\n\n<hr class=\"wp-block-separator has-css-opacity\" \/>\n\n\n\n<p class=\"has-text-align-center has-large-font-size\"><strong>Das Archiv der St\u00fcveschule<\/strong><\/p>\n\n\n\n<p>Hier finden Sie <strong>alte Beitr\u00e4ge<\/strong> aus der St\u00fcveschule!<\/p>\n\n\n\n<p>Klicken Sie auf den Monat und st\u00f6bern Sie gerne in unserem Archiv.<\/p>\n\n\n<ul class=\"wp-block-archives-list wp-block-archives\">\t<li><a href='https:\/\/wordpress.nibis.de\/stueve\/2026\/02\/'>Februar 2026<\/a><\/li>\n\t<li><a href='https:\/\/wordpress.nibis.de\/stueve\/2025\/10\/'>Oktober 2025<\/a><\/li>\n\t<li><a href='https:\/\/wordpress.nibis.de\/stueve\/2025\/09\/'>September 2025<\/a><\/li>\n\t<li><a href='https:\/\/wordpress.nibis.de\/stueve\/2025\/05\/'>Mai 2025<\/a><\/li>\n\t<li><a href='https:\/\/wordpress.nibis.de\/stueve\/2024\/12\/'>Dezember 2024<\/a><\/li>\n<\/ul>","protected":false},"excerpt":{"rendered":"<p>Hier finden Sie aktuelle Berichte, Fotos und andere Nachrichten aus dem Schulalltag! Bilder aus den Fluren der St\u00fcveschule Das Archiv der St\u00fcveschule Hier finden Sie alte Beitr\u00e4ge aus der St\u00fcveschule! Klicken Sie auf den Monat und st\u00f6bern Sie gerne in unserem Archiv.<\/p>\n","protected":false},"author":9194546,"featured_media":0,"parent":0,"menu_order":0,"comment_status":"closed","ping_status":"closed","template":"","meta":{"footnotes":""},"class_list":["post-322","page","type-page","status-publish","hentry"],"_links":{"self":[{"href":"https:\/\/wordpress.nibis.de\/stueve\/wp-json\/wp\/v2\/pages\/322","targetHints":{"allow":["GET"]}}],"collection":[{"href":"https:\/\/wordpress.nibis.de\/stueve\/wp-json\/wp\/v2\/pages"}],"about":[{"href":"https:\/\/wordpress.nibis.de\/stueve\/wp-json\/wp\/v2\/types\/page"}],"author":[{"embeddable":true,"href":"https:\/\/wordpress.nibis.de\/stueve\/wp-json\/wp\/v2\/users\/9194546"}],"replies":[{"embeddable":true,"href":"https:\/\/wordpress.nibis.de\/stueve\/wp-json\/wp\/v2\/comments?post=322"}],"version-history":[{"count":12,"href":"https:\/\/wordpress.nibis.de\/stueve\/wp-json\/wp\/v2\/pages\/322\/revisions"}],"predecessor-version":[{"id":518,"href":"https:\/\/wordpress.nibis.de\/stueve\/wp-json\/wp\/v2\/pages\/322\/revisions\/518"}],"wp:attachment":[{"href":"https:\/\/wordpress.nibis.de\/stueve\/wp-json\/wp\/v2\/media?parent=322"}],"curies":[{"name":"wp","href":"https:\/\/api.w.org\/{rel}","templated":true}]}}