{"id":2416,"date":"2023-07-12T15:53:32","date_gmt":"2023-07-12T13:53:32","guid":{"rendered":"https:\/\/wordpress.nibis.de\/stursula\/?page_id=2416"},"modified":"2023-07-13T15:21:22","modified_gmt":"2023-07-13T13:21:22","slug":"buchspende-zur-einschulung","status":"publish","type":"page","link":"https:\/\/wordpress.nibis.de\/stursula\/buchspende-zur-einschulung\/","title":{"rendered":"Buchspende zur Einschulung"},"content":{"rendered":"\n<div class=\"wp-block-image\"><figure class=\"alignright is-resized\"><a href=\"https:\/\/wordpress.nibis.de\/stursula\/files\/2023\/07\/books-1841116_1920.jpg\"><img decoding=\"async\" src=\"https:\/\/wordpress.nibis.de\/stursula\/files\/2023\/07\/buchspende-350.jpg\" alt=\"\" class=\"wp-image-3658\" \/><\/a><\/figure><\/div>\n\n\n\n<p><strong>Unser B\u00fcchertisch<\/strong><\/p>\n\n\n\n<p>Jedes Jahr zur Einschulung stellen wir im Eingangsbereich der Schule einen B\u00fcchertisch auf &#8211; wer m\u00f6chte, kann sich dort ein Buch aussuchen, es von den Eltern oder Gro\u00dfeltern kaufen lassen und in diesem Zuge unserer Schulbibliothek spenden. Jedes pers\u00f6nlich gespendete Buch erh\u00e4lt einen Aufkleber des jeweiligen Einschulungskindes mit dem Vermerk: \u201eAnl\u00e4sslich der Einschulung&nbsp;(Schuljahr) von \u2026(Name des einzuschulenden Kindes)&nbsp; gespendet&#8220;.&nbsp;Die&nbsp; &#8222;Spenderkinder&#8220; d\u00fcrfen die B\u00fccher als Erste ausleihen, bevor sie dann in den allgemeinen Verleih gehen.&nbsp;Dieses Privileg wird von den Kindern begeistert und mit einem gewissen &#8222;Besitzerstolz&#8220; in Anspruch genommen.<\/p>\n\n\n\n<p>Die B\u00fccher w\u00e4hlen wir gemeinsam mit der Buchhandlung am Lambertiplatz aus, sie werden uns dann&nbsp;kommissarisch zur Verf\u00fcgung gestellt.&nbsp;Wenn Sie uns mit einer Spende unterst\u00fctzen m\u00f6chten, freuen wir uns sehr!&nbsp;Mit Hilfe dieser gro\u00dfz\u00fcgigen Spenden ist es der Schulbibliothek m\u00f6glich, regelm\u00e4\u00dfig den Bestand mit aktuellen B\u00fcchern aufzufrischen.&nbsp;<\/p>\n","protected":false},"excerpt":{"rendered":"<p>Unser B\u00fcchertisch Jedes Jahr zur Einschulung stellen wir im Eingangsbereich der Schule einen B\u00fcchertisch auf &#8211; wer m\u00f6chte, kann sich dort ein Buch aussuchen, es von den Eltern oder Gro\u00dfeltern kaufen lassen und in diesem Zuge unserer Schulbibliothek spenden. Jedes pers\u00f6nlich gespendete Buch erh\u00e4lt einen Aufkleber des jeweiligen Einschulungskindes mit dem Vermerk: \u201eAnl\u00e4sslich der Einschulung&nbsp;(Schuljahr) von \u2026(Name des einzuschulenden Kindes)&nbsp; gespendet&#8220;.&nbsp;Die&nbsp; &#8222;Spenderkinder&#8220; d\u00fcrfen die B\u00fccher als Erste ausleihen, bevor sie dann in den allgemeinen Verleih gehen.&nbsp;Dieses Privileg wird von den&#8230;<\/p>\n<p class=\"read-more\"><a class=\"btn btn-default\" href=\"https:\/\/wordpress.nibis.de\/stursula\/buchspende-zur-einschulung\/\">Weiterlesen<span class=\"screen-reader-text\"> Weiterlesen<\/span><\/a><\/p>\n","protected":false},"author":9194205,"featured_media":0,"parent":0,"menu_order":0,"comment_status":"closed","ping_status":"closed","template":"","meta":{"footnotes":""},"class_list":["post-2416","page","type-page","status-publish","hentry"],"_links":{"self":[{"href":"https:\/\/wordpress.nibis.de\/stursula\/wp-json\/wp\/v2\/pages\/2416","targetHints":{"allow":["GET"]}}],"collection":[{"href":"https:\/\/wordpress.nibis.de\/stursula\/wp-json\/wp\/v2\/pages"}],"about":[{"href":"https:\/\/wordpress.nibis.de\/stursula\/wp-json\/wp\/v2\/types\/page"}],"author":[{"embeddable":true,"href":"https:\/\/wordpress.nibis.de\/stursula\/wp-json\/wp\/v2\/users\/9194205"}],"replies":[{"embeddable":true,"href":"https:\/\/wordpress.nibis.de\/stursula\/wp-json\/wp\/v2\/comments?post=2416"}],"version-history":[{"count":4,"href":"https:\/\/wordpress.nibis.de\/stursula\/wp-json\/wp\/v2\/pages\/2416\/revisions"}],"predecessor-version":[{"id":2694,"href":"https:\/\/wordpress.nibis.de\/stursula\/wp-json\/wp\/v2\/pages\/2416\/revisions\/2694"}],"wp:attachment":[{"href":"https:\/\/wordpress.nibis.de\/stursula\/wp-json\/wp\/v2\/media?parent=2416"}],"curies":[{"name":"wp","href":"https:\/\/api.w.org\/{rel}","templated":true}]}}