{"id":2423,"date":"2023-07-12T15:54:39","date_gmt":"2023-07-12T13:54:39","guid":{"rendered":"https:\/\/wordpress.nibis.de\/stursula\/?page_id=2423"},"modified":"2025-08-09T18:47:23","modified_gmt":"2025-08-09T16:47:23","slug":"foerderverein","status":"publish","type":"page","link":"https:\/\/wordpress.nibis.de\/stursula\/foerderverein\/","title":{"rendered":"F\u00f6rderverein"},"content":{"rendered":"<h4><strong>Unsere Idee<\/strong><\/h4>\n<p><img loading=\"lazy\" decoding=\"async\" class=\"alignright size-full wp-image-703\" src=\"https:\/\/wordpress.nibis.de\/stursula\/files\/2023\/07\/bild-foerderverein-1.png\" alt=\"bild-foerderverein-1\" width=\"282\" height=\"235\" \/><strong>Schule ist so gut, wie wir sie fordern und f\u00f6rdern<\/strong><br \/>\nDie St.-Ursula-Schule soll f\u00fcr unsere Kinder ein attraktiver Lern- und Lehrraum\u00a0 sein, in dem\u00a0 sie eine zeitgem\u00e4\u00dfe Schulbildung erhalten. Zus\u00e4tzliche Angebote brauchen zus\u00e4tzlichen Einsatz \u2013 gerade auch in Zeiten knapper werdender \u00f6ffentlicher Finanzen. Der F\u00f6rderverein unterst\u00fctzt die St. Ursula Schule daher bei zahlreichen schulischen Projekten und Aktivit\u00e4ten. Unsere Hilfe beschr\u00e4nkt sich nicht nur auf das Finanzielle. Mit unserer Pr\u00e4senz im Schulleben f\u00f6rdern wir aktiv das vielseitige Miteinander an unserer Schule (z.B. beim Einschulungscaf\u00e9 und in der B\u00fccherei).<\/p>\n<h4><strong>Unsere Schwerpunkte<\/strong><\/h4>\n<p><strong><img loading=\"lazy\" decoding=\"async\" class=\"alignright size-full wp-image-705\" src=\"https:\/\/wordpress.nibis.de\/stursula\/files\/2023\/07\/bild-foerderverein-3.png\" alt=\"bild-foerderverein-3\" width=\"254\" height=\"182\" \/><\/strong><strong>Soziales Engagement<\/strong><br \/>\nPreise f\u00fcr besondere Leistungen<br \/>\nSoziales Lernen<\/p>\n<p><strong>Verbesserung der Ausstattung<\/strong><br \/>\nNaturwissenschaften (technische Ger\u00e4te), Musik (Instrumente), EDV (Beamer, Tablet-PC, Smart Board\u2026)<\/p>\n<p><strong>Einrichtung der Bibliothek<\/strong><br \/>\nAnschaffung neuer B\u00fccher<br \/>\nAusleihe, Pflege und Registratur<\/p>\n<p><strong><img loading=\"lazy\" decoding=\"async\" class=\"alignright size-full wp-image-704\" src=\"https:\/\/wordpress.nibis.de\/stursula\/files\/2023\/07\/bild-foerderverein-2.png\" alt=\"bild-foerderverein-2\" width=\"254\" height=\"182\" \/>Erweitertes Schulisches Angebot<\/strong><br \/>\nProjektunterst\u00fctzung<br \/>\nLesestunden<\/p>\n<h4><strong>Mit Ihrer Hilfe<\/strong><\/h4>\n<p><strong>Jeder kann sich einbringen<\/strong><br \/>\nDer F\u00f6rderverein lebt ma\u00dfgeblich von dem Engagement der Eltern und Freunde der St.-Ursula Schule sowie der Unterst\u00fctzung von Unternehmen.<\/p>\n<p>Helfen Sie mit, ideell <strong>durch tatkr\u00e4ftige Hilfe bei schulischen Veranstaltungen <\/strong> oder finanziell <strong>durch Ihre Spenden<\/strong>.<br \/>\n<strong>Auch kleine Spenden helfen, Gro\u00dfes zu bewegen<\/strong><\/p>\n<p><strong>Herzlichen Dank !<\/strong><br \/>\n<strong>Eltern und Freund der St.-Ursula-Schule<\/strong><\/p>\n","protected":false},"excerpt":{"rendered":"<p>Unsere Idee Schule ist so gut, wie wir sie fordern und f\u00f6rdern Die St.-Ursula-Schule soll f\u00fcr unsere Kinder ein attraktiver Lern- und Lehrraum\u00a0 sein, in dem\u00a0 sie eine zeitgem\u00e4\u00dfe Schulbildung erhalten. Zus\u00e4tzliche Angebote brauchen zus\u00e4tzlichen Einsatz \u2013 gerade auch in Zeiten knapper werdender \u00f6ffentlicher Finanzen. Der F\u00f6rderverein unterst\u00fctzt die St. Ursula Schule daher bei zahlreichen schulischen Projekten und Aktivit\u00e4ten. Unsere Hilfe beschr\u00e4nkt sich nicht nur auf das Finanzielle. Mit unserer Pr\u00e4senz im Schulleben f\u00f6rdern wir aktiv das vielseitige Miteinander an&#8230;<\/p>\n<p class=\"read-more\"><a class=\"btn btn-default\" href=\"https:\/\/wordpress.nibis.de\/stursula\/foerderverein\/\">Weiterlesen<span class=\"screen-reader-text\"> Weiterlesen<\/span><\/a><\/p>\n","protected":false},"author":9194205,"featured_media":0,"parent":0,"menu_order":0,"comment_status":"closed","ping_status":"closed","template":"","meta":{"footnotes":""},"class_list":["post-2423","page","type-page","status-publish","hentry"],"_links":{"self":[{"href":"https:\/\/wordpress.nibis.de\/stursula\/wp-json\/wp\/v2\/pages\/2423","targetHints":{"allow":["GET"]}}],"collection":[{"href":"https:\/\/wordpress.nibis.de\/stursula\/wp-json\/wp\/v2\/pages"}],"about":[{"href":"https:\/\/wordpress.nibis.de\/stursula\/wp-json\/wp\/v2\/types\/page"}],"author":[{"embeddable":true,"href":"https:\/\/wordpress.nibis.de\/stursula\/wp-json\/wp\/v2\/users\/9194205"}],"replies":[{"embeddable":true,"href":"https:\/\/wordpress.nibis.de\/stursula\/wp-json\/wp\/v2\/comments?post=2423"}],"version-history":[{"count":3,"href":"https:\/\/wordpress.nibis.de\/stursula\/wp-json\/wp\/v2\/pages\/2423\/revisions"}],"predecessor-version":[{"id":3201,"href":"https:\/\/wordpress.nibis.de\/stursula\/wp-json\/wp\/v2\/pages\/2423\/revisions\/3201"}],"wp:attachment":[{"href":"https:\/\/wordpress.nibis.de\/stursula\/wp-json\/wp\/v2\/media?parent=2423"}],"curies":[{"name":"wp","href":"https:\/\/api.w.org\/{rel}","templated":true}]}}