{"id":2458,"date":"2023-07-12T15:59:55","date_gmt":"2023-07-12T13:59:55","guid":{"rendered":"https:\/\/wordpress.nibis.de\/stursula\/?page_id=2458"},"modified":"2023-07-13T10:23:10","modified_gmt":"2023-07-13T08:23:10","slug":"legende","status":"publish","type":"page","link":"https:\/\/wordpress.nibis.de\/stursula\/legende\/","title":{"rendered":"Legende"},"content":{"rendered":"<p><strong><img decoding=\"async\" class=\"alignright wp-image-543\" src=\"https:\/\/wordpress.nibis.de\/stursula\/files\/2023\/07\/ursula-legende-bild1.png\" alt=\"ursula-legende\" width=\"200\" \/>Die Legende der heiligen Ursula<\/strong><\/p>\n<p>Der K\u00f6nigssohn von England h\u00f6rte von Ursula, der Tochter des K\u00f6nigs von Britannien. Er beschwor seinen Vater, Ursula heiraten zu d\u00fcrfen. So wurden Boten mit kostbaren Geschenken zu Ursulas Vater gesandt. Dieser war sehr best\u00fcrzt, denn seine Tochter war Christin, und er wollte sie keinem Heiden zur Frau geben.<\/p>\n<p><img decoding=\"async\" class=\"alignleft size-full wp-image-544\" src=\"https:\/\/wordpress.nibis.de\/stursula\/files\/2023\/07\/ursula-legende-bild2.png\" alt=\"ursula-legende\" width=\"200\" \/>Ursula willigte aber ein; sie stellte jedoch einige Bedingungen. Sie wollte erst nach Rom pilgern. Deshalb sollte man Schiffe vorbereiten, ihr zehn Begleiterinnen und mehrere M\u00e4gde mitgeben. Inzwischen sollte sich der englische Prinz im Christenglauben unterweisen lassen und getauft werden.<\/p>\n<p><img decoding=\"async\" class=\"alignright size-full wp-image-545\" src=\"https:\/\/wordpress.nibis.de\/stursula\/files\/2023\/07\/ursula-legende-bild3.png\" alt=\"ursula-legende\" width=\"200\" \/>Ursula fuhr mit ihren Begleiterinnen und einigen Bisch\u00f6fen den Rhein hinauf und pilgerte nach Rom. Dort empfing der Papst sie mit gro\u00dfer Ehre und taufte diejenigen unter den M\u00e4gden, die noch ungetauft waren. Als sie wieder zur\u00fcckfuhren, begleitete sie der Papst. Der englische K\u00f6nigssohn zog der Ursula entgegen. Sie kamen zusammen mit ihren Schiffen in K\u00f6ln an und fanden die Stadt von den Hunnen besetzt.<\/p>\n<p><img decoding=\"async\" class=\"alignleft size-full wp-image-546\" src=\"https:\/\/wordpress.nibis.de\/stursula\/files\/2023\/07\/ursula-legende-bild4.png\" alt=\"ursula-legende\" width=\"200\" \/>Als die wilden Hunnen die vielen Frauen erblickten, fielen sie mit gro\u00dfem Geschrei \u00fcber sie her und t\u00f6teten sie mit ihren Begleitern. Als die Reihe an Ursula kam, sah der Hunnenf\u00fchrer, wie sch\u00f6n sie war. Er wollte sie \u00fcber den Tod ihrer Gef\u00e4hrtinnen tr\u00f6sten und gelobte ihr, sie zur Frau zu nehmen.<\/p>\n<div class=\"clear\"><\/div>\n<p>Das Ursula-Lied k\u00f6nnt Ihr hier h\u00f6ren und den Text dazu lesen:<\/p>\n<div style=\"margin-bottom: 20px\">Gesang:<br \/>\n<audio class=\"wp-audio-shortcode\" id=\"audio-2458-1\" preload=\"none\" style=\"width: 100%;\" controls=\"controls\"><source type=\"audio\/mpeg\" src=\"https:\/\/wordpress.nibis.de\/stursula\/files\/2023\/07\/ursula-lied.mp3?_=1\" \/><a href=\"https:\/\/wordpress.nibis.de\/stursula\/files\/2023\/07\/ursula-lied.mp3\">https:\/\/wordpress.nibis.de\/stursula\/files\/2023\/07\/ursula-lied.mp3<\/a><\/audio><\/p>\n<\/div>\n<p>Text und Noten:<br \/>\n<a href=\"https:\/\/wordpress.nibis.de\/stursula\/files\/2023\/07\/ursula-lied.pdf\"><img loading=\"lazy\" decoding=\"async\" class=\"size-full wp-image-547 alignnone\" src=\"https:\/\/wordpress.nibis.de\/stursula\/files\/2023\/07\/ursula-legende-lied-mini.png\" alt=\"ursula-legende-lied-mini\" width=\"88\" height=\"78\" \/><\/a><\/p>\n","protected":false},"excerpt":{"rendered":"<p>Die Legende der heiligen Ursula Der K\u00f6nigssohn von England h\u00f6rte von Ursula, der Tochter des K\u00f6nigs von Britannien. Er beschwor seinen Vater, Ursula heiraten zu d\u00fcrfen. So wurden Boten mit kostbaren Geschenken zu Ursulas Vater gesandt. Dieser war sehr best\u00fcrzt, denn seine Tochter war Christin, und er wollte sie keinem Heiden zur Frau geben. Ursula willigte aber ein; sie stellte jedoch einige Bedingungen. Sie wollte erst nach Rom pilgern. Deshalb sollte man Schiffe vorbereiten, ihr zehn Begleiterinnen und mehrere M\u00e4gde&#8230;<\/p>\n<p class=\"read-more\"><a class=\"btn btn-default\" href=\"https:\/\/wordpress.nibis.de\/stursula\/legende\/\">Weiterlesen<span class=\"screen-reader-text\"> Weiterlesen<\/span><\/a><\/p>\n","protected":false},"author":9194205,"featured_media":0,"parent":0,"menu_order":0,"comment_status":"closed","ping_status":"closed","template":"","meta":{"footnotes":""},"class_list":["post-2458","page","type-page","status-publish","hentry"],"_links":{"self":[{"href":"https:\/\/wordpress.nibis.de\/stursula\/wp-json\/wp\/v2\/pages\/2458","targetHints":{"allow":["GET"]}}],"collection":[{"href":"https:\/\/wordpress.nibis.de\/stursula\/wp-json\/wp\/v2\/pages"}],"about":[{"href":"https:\/\/wordpress.nibis.de\/stursula\/wp-json\/wp\/v2\/types\/page"}],"author":[{"embeddable":true,"href":"https:\/\/wordpress.nibis.de\/stursula\/wp-json\/wp\/v2\/users\/9194205"}],"replies":[{"embeddable":true,"href":"https:\/\/wordpress.nibis.de\/stursula\/wp-json\/wp\/v2\/comments?post=2458"}],"version-history":[{"count":2,"href":"https:\/\/wordpress.nibis.de\/stursula\/wp-json\/wp\/v2\/pages\/2458\/revisions"}],"predecessor-version":[{"id":2616,"href":"https:\/\/wordpress.nibis.de\/stursula\/wp-json\/wp\/v2\/pages\/2458\/revisions\/2616"}],"wp:attachment":[{"href":"https:\/\/wordpress.nibis.de\/stursula\/wp-json\/wp\/v2\/media?parent=2458"}],"curies":[{"name":"wp","href":"https:\/\/api.w.org\/{rel}","templated":true}]}}