{"id":2462,"date":"2023-07-12T16:00:43","date_gmt":"2023-07-12T14:00:43","guid":{"rendered":"https:\/\/wordpress.nibis.de\/stursula\/?page_id=2462"},"modified":"2025-02-02T14:03:11","modified_gmt":"2025-02-02T13:03:11","slug":"mitarbeiter","status":"publish","type":"page","link":"https:\/\/wordpress.nibis.de\/stursula\/mitarbeiter\/","title":{"rendered":"Mitarbeiter"},"content":{"rendered":"<p><strong>Vertretungslehrkr\u00e4fte<\/strong><br \/>\nAyleen Jakobs<br \/>\nHelene Bartsch<br \/>\nElla Tiedemann<br \/>\nSophia Oberf\u00f6ll<br \/>\nJelena Stock<\/p>\n<p style=\"margin-top: 30px\"><strong>P\u00e4dagogische Mitarbeiterin &#8222;Inklusion&#8220;<\/strong><br \/>\nIna Landman<\/p>\n<p style=\"margin-top: 30px\"><strong>Verl\u00e4ssliche Grundschulbetreuung (VGS)<\/strong><br \/>\n<strong>Offene Ganztagsschule (OGS)<\/strong><br \/>\nBrigitte Blankenburg<br \/>\nUlrike Hoffmann<br \/>\nAnja Kleinoth<br \/>\nHelene Bartsch<br \/>\nJelena Stock<br \/>\nAleksandra Albrecht<br \/>\nJo Ofner<br \/>\nMaja M\u00fcller<\/p>\n<p style=\"margin-top: 30px\"><strong>Schulsekret\u00e4rin\/Koordination OGS<\/strong><br \/>\nManuela M\u00fcller<\/p>\n<p style=\"margin-top: 30px\"><strong>Hausmeister<\/strong><br \/>\nIgor Rotermel<\/p>\n<p style=\"margin-top: 30px\"><strong>Schulsozialarbeiterin<\/strong><br \/>\nKaroline Rogge<\/p>\n","protected":false},"excerpt":{"rendered":"<p>Vertretungslehrkr\u00e4fte Ayleen Jakobs Helene Bartsch Ella Tiedemann Sophia Oberf\u00f6ll Jelena Stock P\u00e4dagogische Mitarbeiterin &#8222;Inklusion&#8220; Ina Landman Verl\u00e4ssliche Grundschulbetreuung (VGS) Offene Ganztagsschule (OGS) Brigitte Blankenburg Ulrike Hoffmann Anja Kleinoth Helene Bartsch Jelena Stock Aleksandra Albrecht Jo Ofner Maja M\u00fcller Schulsekret\u00e4rin\/Koordination OGS Manuela M\u00fcller Hausmeister Igor Rotermel Schulsozialarbeiterin Karoline Rogge<\/p>\n","protected":false},"author":9194205,"featured_media":0,"parent":0,"menu_order":0,"comment_status":"closed","ping_status":"closed","template":"","meta":{"footnotes":""},"class_list":["post-2462","page","type-page","status-publish","hentry"],"_links":{"self":[{"href":"https:\/\/wordpress.nibis.de\/stursula\/wp-json\/wp\/v2\/pages\/2462","targetHints":{"allow":["GET"]}}],"collection":[{"href":"https:\/\/wordpress.nibis.de\/stursula\/wp-json\/wp\/v2\/pages"}],"about":[{"href":"https:\/\/wordpress.nibis.de\/stursula\/wp-json\/wp\/v2\/types\/page"}],"author":[{"embeddable":true,"href":"https:\/\/wordpress.nibis.de\/stursula\/wp-json\/wp\/v2\/users\/9194205"}],"replies":[{"embeddable":true,"href":"https:\/\/wordpress.nibis.de\/stursula\/wp-json\/wp\/v2\/comments?post=2462"}],"version-history":[{"count":7,"href":"https:\/\/wordpress.nibis.de\/stursula\/wp-json\/wp\/v2\/pages\/2462\/revisions"}],"predecessor-version":[{"id":3135,"href":"https:\/\/wordpress.nibis.de\/stursula\/wp-json\/wp\/v2\/pages\/2462\/revisions\/3135"}],"wp:attachment":[{"href":"https:\/\/wordpress.nibis.de\/stursula\/wp-json\/wp\/v2\/media?parent=2462"}],"curies":[{"name":"wp","href":"https:\/\/api.w.org\/{rel}","templated":true}]}}