{"id":199,"date":"2025-10-16T10:34:25","date_gmt":"2025-10-16T08:34:25","guid":{"rendered":"https:\/\/wordpress.nibis.de\/vortragsreihe\/?page_id=199"},"modified":"2025-12-09T06:21:36","modified_gmt":"2025-12-09T05:21:36","slug":"strukturwandel-braucht-kulturwandel-aeusserer-wandel-braucht-inneren-wandel-haltungsbildung-in-schulischen-transformationsprozessen","status":"publish","type":"page","link":"https:\/\/wordpress.nibis.de\/vortragsreihe\/strukturwandel-braucht-kulturwandel-aeusserer-wandel-braucht-inneren-wandel-haltungsbildung-in-schulischen-transformationsprozessen\/","title":{"rendered":"Strukturwandel braucht Kulturwandel \u2013 \u00e4u\u00dferer Wandel braucht inneren Wandel: Haltungsbildung in schulischen Transformationsprozessen"},"content":{"rendered":"\n<hr class=\"wp-block-separator has-alpha-channel-opacity\" \/>\n\n\n\n<h2 class=\"wp-block-heading has-text-align-center\"><a href=\"https:\/\/wordpress.nibis.de\/vortragsreihe\/strukturwandel-braucht-kulturwandel-aeusserer-wandel-braucht-inneren-wandel-haltungsbildung-in-schulischen-transformationsprozessen-dokumentation\/\">Dokumentation des Vortrags<\/a><\/h2>\n\n\n\n<hr class=\"wp-block-separator has-css-opacity\" \/>\n\n\n\n<p>Timo Holthoff zeigt, warum innerer Wandel eine Voraussetzung ist, Welt radikal neu zu gestalten, und warum nachhaltige Schulentwicklung Haltung braucht. In einem interaktiven Vortrag l\u00e4dt er dazu ein, den eigenen inneren Kompass am Ende der Welt und der Schule, wie wir sie kennen, zu eichen. Unter anderem anhand der Inner Development Goals (IDGs) wird er\u00f6rtert, welche F\u00fchrungs- und Beziehungsqualit\u00e4ten f\u00fcr die Gestaltung einer Kultur des Wandels in Schulen gefragt sind. F\u00fcr Schulleitungen er\u00f6ffnet der Impuls neue Perspektiven darauf, wie innere Klarheit zur systemischen Rolle von Schule in der Krisen- und Transformationsgesellschaft und zum eigenen Sinn in der Welt Grundlage wirksamer Ver\u00e4nderung werden k\u00f6nnen.<\/p>\n\n\n\n<p><\/p>\n\n\n\n<p><strong>Referent Timo Holthoff <\/strong>ist freier Bildner, Autor und Organisationsberater zu transformativem Lernen und ganzheitlicher Transformation von Bildungseinrichtungen, u.a. im Auftrag von Schule im Aufbruch. Sein Fokus liegt auf dem systemischen Zusammenspiel von inneren und \u00e4u\u00dferen Ver\u00e4nderungsprozessen- auf pers\u00f6nlicher, institutioneller und gesellschaftlicher Ebene.<\/p>\n\n\n\n<p>Hauptberuflich koordiniert er die \u201eTeaching Change\u201c-Projekte zu BNE in der Lehrkr\u00e4ftebildung an der Leibniz Universit\u00e4t Hannover.<\/p>\n\n\n\n<p><a href=\"https:\/\/www.welt-beziehung-bilden.org\/\">https:\/\/www.welt-beziehung-bilden.org\/<\/a><\/p>\n\n\n\n<p><a href=\"https:\/\/www.lse.uni-hannover.de\/de\/lse\/projekte-lse\/teachingchange\">https:\/\/www.lse.uni-hannover.de\/de\/lse\/projekte-lse\/teachingchange<\/a><\/p>\n\n\n\n<h2 class=\"wp-block-heading\"><\/h2>\n\n\n\n<p><\/p>\n","protected":false},"excerpt":{"rendered":"<p>Dokumentation des Vortrags Timo Holthoff zeigt, warum innerer Wandel eine Voraussetzung ist, Welt radikal neu zu gestalten, und warum nachhaltige Schulentwicklung Haltung braucht. In einem interaktiven Vortrag l\u00e4dt er dazu ein, den eigenen inneren Kompass am Ende der Welt und der Schule, wie wir sie kennen, zu eichen. Unter anderem anhand der Inner Development Goals (IDGs) wird er\u00f6rtert, welche F\u00fchrungs- und Beziehungsqualit\u00e4ten f\u00fcr die Gestaltung einer Kultur des Wandels in Schulen gefragt sind. F\u00fcr Schulleitungen er\u00f6ffnet der Impuls neue Perspektiven&#8230;<\/p>\n<p class=\"read-more\"><a class=\"btn btn-default\" href=\"https:\/\/wordpress.nibis.de\/vortragsreihe\/strukturwandel-braucht-kulturwandel-aeusserer-wandel-braucht-inneren-wandel-haltungsbildung-in-schulischen-transformationsprozessen\/\">Weiterlesen<span class=\"screen-reader-text\"> Weiterlesen<\/span><\/a><\/p>\n","protected":false},"author":9193395,"featured_media":0,"parent":0,"menu_order":0,"comment_status":"closed","ping_status":"closed","template":"","meta":{"footnotes":""},"class_list":["post-199","page","type-page","status-publish","hentry"],"_links":{"self":[{"href":"https:\/\/wordpress.nibis.de\/vortragsreihe\/wp-json\/wp\/v2\/pages\/199","targetHints":{"allow":["GET"]}}],"collection":[{"href":"https:\/\/wordpress.nibis.de\/vortragsreihe\/wp-json\/wp\/v2\/pages"}],"about":[{"href":"https:\/\/wordpress.nibis.de\/vortragsreihe\/wp-json\/wp\/v2\/types\/page"}],"author":[{"embeddable":true,"href":"https:\/\/wordpress.nibis.de\/vortragsreihe\/wp-json\/wp\/v2\/users\/9193395"}],"replies":[{"embeddable":true,"href":"https:\/\/wordpress.nibis.de\/vortragsreihe\/wp-json\/wp\/v2\/comments?post=199"}],"version-history":[{"count":7,"href":"https:\/\/wordpress.nibis.de\/vortragsreihe\/wp-json\/wp\/v2\/pages\/199\/revisions"}],"predecessor-version":[{"id":228,"href":"https:\/\/wordpress.nibis.de\/vortragsreihe\/wp-json\/wp\/v2\/pages\/199\/revisions\/228"}],"wp:attachment":[{"href":"https:\/\/wordpress.nibis.de\/vortragsreihe\/wp-json\/wp\/v2\/media?parent=199"}],"curies":[{"name":"wp","href":"https:\/\/api.w.org\/{rel}","templated":true}]}}