{"id":46,"date":"2024-10-21T08:09:51","date_gmt":"2024-10-21T06:09:51","guid":{"rendered":"https:\/\/wordpress.nibis.de\/vortragsreihe\/?page_id=46"},"modified":"2024-12-17T15:30:08","modified_gmt":"2024-12-17T14:30:08","slug":"diagnostik-ge","status":"publish","type":"page","link":"https:\/\/wordpress.nibis.de\/vortragsreihe\/diagnostik-ge\/","title":{"rendered":"Diagnostik im F\u00f6rderschwerpunkt geistige Entwicklung"},"content":{"rendered":"\n<h2 class=\"has-text-align-center wp-block-heading\">Mittwoch, 27. November 2024<br>16:00 Uhr &#8211; 18:00 Uhr<\/h2>\n\n\n\n<hr class=\"wp-block-separator\" \/>\n\n\n\n<h2 class=\"has-text-align-center wp-block-heading\"><a href=\"https:\/\/wordpress.nibis.de\/vortragsreihe\/diagnostik-ge-doku\/\" target=\"_blank\" rel=\"noreferrer noopener\">Dokumentation des Vortrags<\/a><\/h2>\n\n\n\n<hr class=\"wp-block-separator\" \/>\n\n\n\n<p><img loading=\"lazy\" decoding=\"async\" class=\"size-medium wp-image-47 alignleft\" src=\"https:\/\/wordpress.nibis.de\/vortragsreihe\/files\/2024\/10\/Kollmer-195x300.png\" alt=\"\" width=\"195\" height=\"300\" srcset=\"https:\/\/wordpress.nibis.de\/vortragsreihe\/files\/2024\/10\/Kollmer-195x300.png 195w, https:\/\/wordpress.nibis.de\/vortragsreihe\/files\/2024\/10\/Kollmer-176x270.png 176w, https:\/\/wordpress.nibis.de\/vortragsreihe\/files\/2024\/10\/Kollmer.png 308w\" sizes=\"auto, (max-width: 195px) 100vw, 195px\" \/> <img loading=\"lazy\" decoding=\"async\" class=\"size-medium wp-image-48 alignleft\" src=\"https:\/\/wordpress.nibis.de\/vortragsreihe\/files\/2024\/10\/Sansour-195x300.png\" alt=\"\" width=\"195\" height=\"300\" srcset=\"https:\/\/wordpress.nibis.de\/vortragsreihe\/files\/2024\/10\/Sansour-195x300.png 195w, https:\/\/wordpress.nibis.de\/vortragsreihe\/files\/2024\/10\/Sansour-175x270.png 175w, https:\/\/wordpress.nibis.de\/vortragsreihe\/files\/2024\/10\/Sansour.png 307w\" sizes=\"auto, (max-width: 195px) 100vw, 195px\" \/>Im Rahmen des Vortrags richten die Referentinnen ein Augenmerk auf die Bedeutung und Herausforderungen von Diagnostik im F\u00f6rderschwerpunkt geistige Entwicklung. Das Konstrukt geistige Behinderung wird beleuchtet und ein Blick auf die Feststellungsdiagnostik gerichtet.<\/p>\n<p>Wie l\u00e4uft (Prozess-)Diagnostik mit Fokus auf die Bereiche Verhalten und Kommunikation, auch unter Ber\u00fccksichtigung von Sch\u00fcler*innen mit komplexer Behinderung?<\/p>\n<p><b>Teresa Sansour <\/b>ist Professorin f\u00fcr P\u00e4dagogik und Didaktik bei Beeintr\u00e4chtigungen der geistigen Entwicklung unter besonderer Ber\u00fccksichtigung inklusiver Bildungsprozesse an der Universit\u00e4t Oldenburg.\u00a0<\/p>\n<p><b>Maria Kollmer <\/b>ist wissenschaftliche Mitarbeiterin am Institut f\u00fcr Sonder- und Rehabilitationsp\u00e4dagogik und F\u00f6rderschullehrerin im F\u00f6rderschwerpunkt geistige Entwicklung.<\/p>\n<p>\u00a0<\/p>\n<p>\u00a0<\/p>\n<p>\u00a0<\/p>\n<p>\u00a0<\/p>\n","protected":false},"excerpt":{"rendered":"<p>Mittwoch, 27. November 202416:00 Uhr &#8211; 18:00 Uhr Dokumentation des Vortrags Im Rahmen des Vortrags richten die Referentinnen ein Augenmerk auf die Bedeutung und Herausforderungen von Diagnostik im F\u00f6rderschwerpunkt geistige Entwicklung. Das Konstrukt geistige Behinderung wird beleuchtet und ein Blick auf die Feststellungsdiagnostik gerichtet. Wie l\u00e4uft (Prozess-)Diagnostik mit Fokus auf die Bereiche Verhalten und Kommunikation, auch unter Ber\u00fccksichtigung von Sch\u00fcler*innen mit komplexer Behinderung? Teresa Sansour ist Professorin f\u00fcr P\u00e4dagogik und Didaktik bei Beeintr\u00e4chtigungen der geistigen Entwicklung unter besonderer Ber\u00fccksichtigung inklusiver&#8230;<\/p>\n<p class=\"read-more\"><a class=\"btn btn-default\" href=\"https:\/\/wordpress.nibis.de\/vortragsreihe\/diagnostik-ge\/\">Weiterlesen<span class=\"screen-reader-text\"> Weiterlesen<\/span><\/a><\/p>\n","protected":false},"author":9193395,"featured_media":0,"parent":0,"menu_order":0,"comment_status":"closed","ping_status":"closed","template":"","meta":{"footnotes":""},"class_list":["post-46","page","type-page","status-publish","hentry"],"_links":{"self":[{"href":"https:\/\/wordpress.nibis.de\/vortragsreihe\/wp-json\/wp\/v2\/pages\/46","targetHints":{"allow":["GET"]}}],"collection":[{"href":"https:\/\/wordpress.nibis.de\/vortragsreihe\/wp-json\/wp\/v2\/pages"}],"about":[{"href":"https:\/\/wordpress.nibis.de\/vortragsreihe\/wp-json\/wp\/v2\/types\/page"}],"author":[{"embeddable":true,"href":"https:\/\/wordpress.nibis.de\/vortragsreihe\/wp-json\/wp\/v2\/users\/9193395"}],"replies":[{"embeddable":true,"href":"https:\/\/wordpress.nibis.de\/vortragsreihe\/wp-json\/wp\/v2\/comments?post=46"}],"version-history":[{"count":9,"href":"https:\/\/wordpress.nibis.de\/vortragsreihe\/wp-json\/wp\/v2\/pages\/46\/revisions"}],"predecessor-version":[{"id":81,"href":"https:\/\/wordpress.nibis.de\/vortragsreihe\/wp-json\/wp\/v2\/pages\/46\/revisions\/81"}],"wp:attachment":[{"href":"https:\/\/wordpress.nibis.de\/vortragsreihe\/wp-json\/wp\/v2\/media?parent=46"}],"curies":[{"name":"wp","href":"https:\/\/api.w.org\/{rel}","templated":true}]}}