{"id":1359,"date":"2022-01-02T13:42:32","date_gmt":"2022-01-02T12:42:32","guid":{"rendered":"https:\/\/wordpress.nibis.de\/vossbarg\/?page_id=1359"},"modified":"2024-09-05T14:52:45","modified_gmt":"2024-09-05T12:52:45","slug":"aktuelles","status":"publish","type":"page","link":"https:\/\/wordpress.nibis.de\/vossbarg\/aktuelles\/","title":{"rendered":"Aktuelles"},"content":{"rendered":"\n<p>Wir w\u00fcnschen allen Sch\u00fclerinnen und Sch\u00fclern einen guten Start in das Schuljahr 2024\/25.<\/p>\n\n\n\n<p><\/p>\n\n\n\n<p><a href=\"https:\/\/wordpress.nibis.de\/vossbarg\/besuch-durch-unsere-ministerin-frau-hamburg\/\" data-type=\"page\" data-id=\"1698\">Besuch durch unsere Ministerin Frau Hamburg.<\/a><\/p>\n","protected":false},"excerpt":{"rendered":"<p>Wir w\u00fcnschen allen Sch\u00fclerinnen und Sch\u00fclern einen guten Start in das Schuljahr 2024\/25. Besuch durch unsere Ministerin Frau Hamburg.<\/p>\n","protected":false},"author":9192954,"featured_media":0,"parent":0,"menu_order":0,"comment_status":"closed","ping_status":"closed","template":"","meta":{"footnotes":""},"class_list":["post-1359","page","type-page","status-publish","hentry"],"_links":{"self":[{"href":"https:\/\/wordpress.nibis.de\/vossbarg\/wp-json\/wp\/v2\/pages\/1359","targetHints":{"allow":["GET"]}}],"collection":[{"href":"https:\/\/wordpress.nibis.de\/vossbarg\/wp-json\/wp\/v2\/pages"}],"about":[{"href":"https:\/\/wordpress.nibis.de\/vossbarg\/wp-json\/wp\/v2\/types\/page"}],"author":[{"embeddable":true,"href":"https:\/\/wordpress.nibis.de\/vossbarg\/wp-json\/wp\/v2\/users\/9192954"}],"replies":[{"embeddable":true,"href":"https:\/\/wordpress.nibis.de\/vossbarg\/wp-json\/wp\/v2\/comments?post=1359"}],"version-history":[{"count":25,"href":"https:\/\/wordpress.nibis.de\/vossbarg\/wp-json\/wp\/v2\/pages\/1359\/revisions"}],"predecessor-version":[{"id":1705,"href":"https:\/\/wordpress.nibis.de\/vossbarg\/wp-json\/wp\/v2\/pages\/1359\/revisions\/1705"}],"wp:attachment":[{"href":"https:\/\/wordpress.nibis.de\/vossbarg\/wp-json\/wp\/v2\/media?parent=1359"}],"curies":[{"name":"wp","href":"https:\/\/api.w.org\/{rel}","templated":true}]}}