{"id":1905,"date":"2025-06-23T10:17:18","date_gmt":"2025-06-23T08:17:18","guid":{"rendered":"https:\/\/wordpress.nibis.de\/vossbarg\/?page_id=1905"},"modified":"2025-06-24T10:28:03","modified_gmt":"2025-06-24T08:28:03","slug":"journalismus-die-reporter-der-projektwoche","status":"publish","type":"page","link":"https:\/\/wordpress.nibis.de\/vossbarg\/journalismus-die-reporter-der-projektwoche\/","title":{"rendered":"Journalismus &#8211; Die Reporter der Projektwoche"},"content":{"rendered":"\n<p>Die Schule am Vo\u00dfbarg hat viele Projekte darunter Journalismus-Die Reporter der Projektwoche und das Wirtschaft Projekt.<\/p>\n\n\n\n<figure class=\"wp-block-image size-large is-resized\"><img loading=\"lazy\" decoding=\"async\" src=\"https:\/\/wordpress.nibis.de\/vossbarg\/files\/2025\/06\/IMG_0051-1200x675.jpeg\" alt=\"\" class=\"wp-image-1947\" width=\"566\" height=\"318\" srcset=\"https:\/\/wordpress.nibis.de\/vossbarg\/files\/2025\/06\/IMG_0051-1200x675.jpeg 1200w, https:\/\/wordpress.nibis.de\/vossbarg\/files\/2025\/06\/IMG_0051-850x478.jpeg 850w, https:\/\/wordpress.nibis.de\/vossbarg\/files\/2025\/06\/IMG_0051-250x141.jpeg 250w\" sizes=\"auto, (max-width: 566px) 100vw, 566px\" \/><figcaption>Hier sieht man unsere Journalisten mit der Homepage die nach und nach fertig wird.<\/figcaption><\/figure>\n\n\n\n<p><\/p>\n\n\n\n<p>Journalismus:<\/p>\n\n\n\n<p>Wir schauen in allen Projekten rein, sprechen mit Teilnehmer, machen Fotos und schreiben coole Texte f\u00fcr die Homepage oder einen kleinen Newsletter.<\/p>\n\n\n\n<p>Wirtschaft:<\/p>\n\n\n\n<p>Wir \u00fcberlegen uns Angebote, gestalten Flyer, Machen Werbung und k\u00fcmmern uns um alles, was mit Promotion und Verkaufen zu tun hat.<\/p>\n\n\n\n<p>Was braucht man: <\/p>\n\n\n\n<p>Man braucht Kreativit\u00e4t gerne Fragen stellen und Teamarbeit und Ideen rund ums Business und &#8211; Feeling.<\/p>\n","protected":false},"excerpt":{"rendered":"<p>Die Schule am Vo\u00dfbarg hat viele Projekte darunter Journalismus-Die Reporter der Projektwoche und das Wirtschaft Projekt. Journalismus: Wir schauen in allen Projekten rein, sprechen mit Teilnehmer, machen Fotos und schreiben coole Texte f\u00fcr die Homepage oder einen kleinen Newsletter. Wirtschaft: Wir \u00fcberlegen uns Angebote, gestalten Flyer, Machen Werbung und k\u00fcmmern uns um alles, was mit [&hellip;]<\/p>\n","protected":false},"author":9192954,"featured_media":0,"parent":0,"menu_order":0,"comment_status":"closed","ping_status":"closed","template":"","meta":{"footnotes":""},"class_list":["post-1905","page","type-page","status-publish","hentry"],"_links":{"self":[{"href":"https:\/\/wordpress.nibis.de\/vossbarg\/wp-json\/wp\/v2\/pages\/1905","targetHints":{"allow":["GET"]}}],"collection":[{"href":"https:\/\/wordpress.nibis.de\/vossbarg\/wp-json\/wp\/v2\/pages"}],"about":[{"href":"https:\/\/wordpress.nibis.de\/vossbarg\/wp-json\/wp\/v2\/types\/page"}],"author":[{"embeddable":true,"href":"https:\/\/wordpress.nibis.de\/vossbarg\/wp-json\/wp\/v2\/users\/9192954"}],"replies":[{"embeddable":true,"href":"https:\/\/wordpress.nibis.de\/vossbarg\/wp-json\/wp\/v2\/comments?post=1905"}],"version-history":[{"count":4,"href":"https:\/\/wordpress.nibis.de\/vossbarg\/wp-json\/wp\/v2\/pages\/1905\/revisions"}],"predecessor-version":[{"id":1951,"href":"https:\/\/wordpress.nibis.de\/vossbarg\/wp-json\/wp\/v2\/pages\/1905\/revisions\/1951"}],"wp:attachment":[{"href":"https:\/\/wordpress.nibis.de\/vossbarg\/wp-json\/wp\/v2\/media?parent=1905"}],"curies":[{"name":"wp","href":"https:\/\/api.w.org\/{rel}","templated":true}]}}