{"id":2185,"date":"2025-12-12T12:32:26","date_gmt":"2025-12-12T11:32:26","guid":{"rendered":"https:\/\/wordpress.nibis.de\/vossbarg\/?page_id=2185"},"modified":"2026-02-21T15:48:57","modified_gmt":"2026-02-21T14:48:57","slug":"schach-und-co-herr-baus","status":"publish","type":"page","link":"https:\/\/wordpress.nibis.de\/vossbarg\/schach-und-co-herr-baus\/","title":{"rendered":"Schach &amp; Co (Herr Baus)"},"content":{"rendered":"\n<p id=\"block-2f577d46-357c-422a-b023-f79cf11f5cbf\">Schach und Co AG \u2013 Spielend strategisch denken<\/p>\n\n\n\n<p id=\"block-2f577d46-357c-422a-b023-f79cf11f5cbf\"> In der Schach &amp; Co AG dreht sich alles um das ber\u00fchmte Spiel der K\u00f6nige. Hier lernen Sch\u00fclerinnen und Sch\u00fcler die Regeln des Schachspiels, trainieren ihre Konzentration und entwickeln strategisches Denken. Egal, ob Anf\u00e4nger oder Fortgeschrittene \u2013 bei uns ist jeder willkommen. Schach f\u00f6rdert nicht nur das logische Denken, sondern macht auch richtig Spa\u00df! Wenn du Lust hast, dein K\u00f6pfchen zu fordern und gemeinsam mit anderen spannende Partien zu spielen, bist du in der Schach und Co AG genau richtig!<\/p>\n\n\n\n<p><\/p>\n","protected":false},"excerpt":{"rendered":"<p>Schach und Co AG \u2013 Spielend strategisch denken In der Schach &amp; Co AG dreht sich alles um das ber\u00fchmte Spiel der K\u00f6nige. Hier lernen Sch\u00fclerinnen und Sch\u00fcler die Regeln des Schachspiels, trainieren ihre Konzentration und entwickeln strategisches Denken. Egal, ob Anf\u00e4nger oder Fortgeschrittene \u2013 bei uns ist jeder willkommen. Schach f\u00f6rdert nicht nur das [&hellip;]<\/p>\n","protected":false},"author":9192954,"featured_media":0,"parent":0,"menu_order":0,"comment_status":"closed","ping_status":"closed","template":"","meta":{"footnotes":""},"class_list":["post-2185","page","type-page","status-publish","hentry"],"_links":{"self":[{"href":"https:\/\/wordpress.nibis.de\/vossbarg\/wp-json\/wp\/v2\/pages\/2185","targetHints":{"allow":["GET"]}}],"collection":[{"href":"https:\/\/wordpress.nibis.de\/vossbarg\/wp-json\/wp\/v2\/pages"}],"about":[{"href":"https:\/\/wordpress.nibis.de\/vossbarg\/wp-json\/wp\/v2\/types\/page"}],"author":[{"embeddable":true,"href":"https:\/\/wordpress.nibis.de\/vossbarg\/wp-json\/wp\/v2\/users\/9192954"}],"replies":[{"embeddable":true,"href":"https:\/\/wordpress.nibis.de\/vossbarg\/wp-json\/wp\/v2\/comments?post=2185"}],"version-history":[{"count":3,"href":"https:\/\/wordpress.nibis.de\/vossbarg\/wp-json\/wp\/v2\/pages\/2185\/revisions"}],"predecessor-version":[{"id":2365,"href":"https:\/\/wordpress.nibis.de\/vossbarg\/wp-json\/wp\/v2\/pages\/2185\/revisions\/2365"}],"wp:attachment":[{"href":"https:\/\/wordpress.nibis.de\/vossbarg\/wp-json\/wp\/v2\/media?parent=2185"}],"curies":[{"name":"wp","href":"https:\/\/api.w.org\/{rel}","templated":true}]}}