{"id":2191,"date":"2025-12-12T13:08:31","date_gmt":"2025-12-12T12:08:31","guid":{"rendered":"https:\/\/wordpress.nibis.de\/vossbarg\/?page_id=2191"},"modified":"2026-02-21T15:50:04","modified_gmt":"2026-02-21T14:50:04","slug":"schulverschoenerung-frau-beckmann","status":"publish","type":"page","link":"https:\/\/wordpress.nibis.de\/vossbarg\/schulverschoenerung-frau-beckmann\/","title":{"rendered":"Schulversch\u00f6nerung (Frau Beckmann)"},"content":{"rendered":"\n<p id=\"block-8bfbcad2-7ca1-4462-b61f-b07fdc8c23b1\">\ud83c\udf3f **Schulversch\u00f6nerungs-AG \u2013 Mach unsere Schule sch\u00f6ner!** \ud83c\udfa8 <\/p>\n\n\n\n<p id=\"block-8bfbcad2-7ca1-4462-b61f-b07fdc8c23b1\">Du hast Lust, kreativ zu sein und etwas zu ver\u00e4ndern? Dann bist du in der Schulversch\u00f6nerungs-AG genau richtig! Gemeinsam gestalten wir unsere Schule bunter, freundlicher und einladender. Wir k\u00fcmmern uns um verschiedene Projekte \u2013 von der Gestaltung neuer Wandbilder \u00fcber das Dekorieren von Fluren und Aufenthaltsbereichen bis hin zur Pflege von Pflanzen und Au\u00dfenbereichen. Deine Ideen sind gefragt! <\/p>\n\n\n\n<p id=\"block-8bfbcad2-7ca1-4462-b61f-b07fdc8c23b1\">Was dich erwartet: Kreative Projekte rund um Kunst, Design und Dekoration, Teamarbeit mit anderen engagierten Sch\u00fclerinnen und Sch\u00fclern, die Chance, eigene Ideen sichtbar in der Schule umzusetzen, Spa\u00df, Farben und ganz viel Gestaltungsspielraum.<\/p>\n\n\n\n<p id=\"block-8bfbcad2-7ca1-4462-b61f-b07fdc8c23b1\"> Wenn du gerne malst, bastelst, dekorierst oder einfach Lust hast, deine Schule sch\u00f6ner zu machen, dann mach mit! Wir freuen uns auf dich! \ud83c\udf3c\u2728 &#8212;<\/p>\n","protected":false},"excerpt":{"rendered":"<p>\ud83c\udf3f **Schulversch\u00f6nerungs-AG \u2013 Mach unsere Schule sch\u00f6ner!** \ud83c\udfa8 Du hast Lust, kreativ zu sein und etwas zu ver\u00e4ndern? Dann bist du in der Schulversch\u00f6nerungs-AG genau richtig! Gemeinsam gestalten wir unsere Schule bunter, freundlicher und einladender. Wir k\u00fcmmern uns um verschiedene Projekte \u2013 von der Gestaltung neuer Wandbilder \u00fcber das Dekorieren von Fluren und Aufenthaltsbereichen bis [&hellip;]<\/p>\n","protected":false},"author":9192954,"featured_media":0,"parent":0,"menu_order":0,"comment_status":"closed","ping_status":"closed","template":"","meta":{"footnotes":""},"class_list":["post-2191","page","type-page","status-publish","hentry"],"_links":{"self":[{"href":"https:\/\/wordpress.nibis.de\/vossbarg\/wp-json\/wp\/v2\/pages\/2191","targetHints":{"allow":["GET"]}}],"collection":[{"href":"https:\/\/wordpress.nibis.de\/vossbarg\/wp-json\/wp\/v2\/pages"}],"about":[{"href":"https:\/\/wordpress.nibis.de\/vossbarg\/wp-json\/wp\/v2\/types\/page"}],"author":[{"embeddable":true,"href":"https:\/\/wordpress.nibis.de\/vossbarg\/wp-json\/wp\/v2\/users\/9192954"}],"replies":[{"embeddable":true,"href":"https:\/\/wordpress.nibis.de\/vossbarg\/wp-json\/wp\/v2\/comments?post=2191"}],"version-history":[{"count":3,"href":"https:\/\/wordpress.nibis.de\/vossbarg\/wp-json\/wp\/v2\/pages\/2191\/revisions"}],"predecessor-version":[{"id":2368,"href":"https:\/\/wordpress.nibis.de\/vossbarg\/wp-json\/wp\/v2\/pages\/2191\/revisions\/2368"}],"wp:attachment":[{"href":"https:\/\/wordpress.nibis.de\/vossbarg\/wp-json\/wp\/v2\/media?parent=2191"}],"curies":[{"name":"wp","href":"https:\/\/api.w.org\/{rel}","templated":true}]}}