{"id":114,"date":"2024-03-11T11:31:35","date_gmt":"2024-03-11T10:31:35","guid":{"rendered":"https:\/\/wordpress.nibis.de\/wbsbram\/?page_id=114"},"modified":"2025-09-10T11:24:47","modified_gmt":"2025-09-10T09:24:47","slug":"ueberblick","status":"publish","type":"page","link":"https:\/\/wordpress.nibis.de\/wbsbram\/ueberblick\/","title":{"rendered":"\u00dcberblick und Schulprofil"},"content":{"rendered":"\n<p><strong>Die Wilhelm-Busch-Schule ist eine F\u00f6rderschule<\/strong><\/p>\n\n\n\n<p><strong>mit den Schwerpunkten Geistige Entwicklung (GE)<\/strong><\/p>\n\n\n\n<p><strong>sowie Emotionale und Soziale Entwicklung (ESE)<\/strong><\/p>\n\n\n\n<p>In unserer Schule werden Jungen und M\u00e4dchen mit Unterst\u00fctzungsbedarf den F\u00f6rderschwerpunkten Geistige Entwicklung sowie Emotionale und Soziale Entwicklung unterrichtet. Unsere Schule gibt es seit 1964. Sie ist in Tr\u00e4gerschaft des Landkreises Osnabr\u00fcck.<br><br><strong>F\u00f6rderschule mit dem Schwerpunkt Geistige Entwicklung (GE)<\/strong><br>Aktuell werden bei uns ca. 85 Sch\u00fclerinnen und Sch\u00fcler in 11 Klassen des\u00a0F\u00f6rderschwerpunkts Geistige Entwicklung\u00a0(Schuljahrg\u00e4nge 1 \u2013 12) unterrichtet. Der Unterricht findet i.d.R. im Team F\u00f6rderschullehrkraft und p\u00e4dagogische Mitarbeiter:in statt. Der Schwerpunkt dieser Arbeit ist die individuelle Vermittlung von lesen, schreiben und rechnen und die Ausbildung und Festigung von lebenspraktischen F\u00e4higkeiten, um durch gr\u00f6\u00dftm\u00f6gliche Selbst\u00e4ndigkeit den Alltag gestalten zu k\u00f6nnen. Im GE-Bereich wird von Montag bis Donnerstag ganzt\u00e4gig unterrichtet. Nach Beendigung ihrer Schulpflichterf\u00fcllung k\u00f6nnen die Sch\u00fclerinnen und Sch\u00fcler in eine Werkstatt f\u00fcr behinderte Menschen (WfbM) wechseln. Viele Abg\u00e4nger finden aber auch eine Stelle in einem Betrieb auf dem ersten Arbeitsmarkt. Dabei werden sie durch verschiedene Ma\u00dfnahmen durch die Agentur f\u00fcr Arbeit unterst\u00fctzt. In der Abschlussstufe spielt die\u00a0Berufsorientierung\u00a0eine gro\u00dfe Rolle.<br><br><strong>F\u00f6rderschule mit dem Schwerpunkt Emotionale und Soziale Entwicklung (ESE)<\/strong><br>Die\u00a0F\u00f6rderschule Emotional-Soziale Entwicklung\u00a0besteht aus vier Klassen (Jahrg\u00e4nge 1-4). In jeder Klasse wiederum gibt es bis zu 12 Sch\u00fcler:innen. Die Kinder werden hier i.d.R. nach den Vorgaben der Grundschule unterrichtet. Nach der vierten Klasse wechseln die Sch\u00fcler:innen auf eine weiterf\u00fchrende Schule. Der Unterricht findet halbtags statt, wobei eine F\u00f6rderschullehrerin oder ein F\u00f6rderschullehrer verl\u00e4sslich als Klassenlehrkraft in der Klasse ist mit sozialp\u00e4dagogischer Unterst\u00fctzung.<\/p>\n\n\n\n<p>Die Grundlage der Arbeit bildet die Beziehungsarbeit. Die Lehrkr\u00e4fte versuchen, die Verhaltensweisen der Kinder zu lesen und zu verstehen. Sie geben durch Regeln, Rituale und feste Strukturen Verl\u00e4sslichkeit, Halt und Orientierung. Die Methoden der Wissensvermittlung ber\u00fccksichtigen die besonderen Bed\u00fcrfnisse der Kinder (wie kurze Konzentrationsphasen, Bewegungsdrang, Anspannung) und sollen positive Lernerlebnisse hervorbringen. Das soziale Lernen steht jeden Tag im Vordergrund. Die Wahrnehmung, Benennung und Reflexion von Gef\u00fchlen und Verhalten wird intensiv trainiert und Verhaltensalternativen einge\u00fcbt.<\/p>\n\n\n\n<p class=\"has-medium-font-size\"><br><strong>Schulprofil<\/strong><\/p>\n\n\n\n<p><strong>F\u00f6rderschule Geistige Entwicklung (GE) und<\/strong><\/p>\n\n\n\n<p><strong>F\u00f6rderschule Emotionale und Soziale Entwicklung (ESE)<br><br>Sch\u00fclerschaft:<br><\/strong>\u2013 ca. 85 Sch\u00fcler:innen in 11\u00a0GE-Klassen\u00a0(1. bis 12. Schuljahr)<br>\u2013 ca. 45 Sch\u00fcler:innen in 4\u00a0ESE-Klassen\u00a0(1. bis 4. Schuljahr)<br><br><strong>Einzugsgebiet (F\u00f6rderschule Geistige Entwicklung):<\/strong><br>\u2013 Stadt Bramsche<br>\u2013 Gemeinde Wallenhorst<br>\u2013 Samtgemeinde Neuenkirchen (Merzen, Neuenkirchen, Voltlage)<br>\u2013 Gemeinden Alfhausen und Rieste, Stadt F\u00fcrstenau<br><br><strong>Einzugsgebiet (F\u00f6rderschule Emotionale und Soziale Entwicklung):<\/strong><br>\u2013 der n\u00f6rdliche Landkreis Osnabr\u00fcck<br><br><strong>Unterst\u00fctzung von Regelschulen im Rahmen der Inklusion:<\/strong><br>\u2013 Sonderp\u00e4dagogische Grundversorgung an Grundschulen<br>\u2013\u00a0Mobiler Dienst Emotional-Soziale Entwicklung<br>\u2013 F\u00f6rderstunden f\u00fcr inklusiv beschulte Sch\u00fcler:innen an Regelschulen<br><br><strong>Unterricht im GE-Bereich<\/strong>:<br>\u2013 Kleine Lerngruppen mit i.d.R. 7-8 Sch\u00fcler:innen<br>\u2013 Individuelle F\u00f6rderung<br>\u2013 Klassenteam aus F\u00f6rderschullehrer:innen und p\u00e4dagogischen Mitarbeiter:innen<br>\u2013 Handlungsorientiertes Lernen<br>\u2013 Lernen mit allen Sinnen<br><br><strong>Unterrichtszeiten:<\/strong><\/p>\n\n\n\n<figure class=\"wp-block-table is-style-stripes\"><table><tbody><tr><td><strong>Wochentag<\/strong><\/td><td><strong>Unterrichtszeiten GE<\/strong><\/td><td><strong>Unterrichtszeiten ESE 1\/2<\/strong><\/td><td><strong>Unterrichtszeiten ESE 3\/4<\/strong><\/td><\/tr><tr><td>Montag<br>Dienstag<br>Mittwoch<br>Donnerstag<br>Freitag<\/td><td>7:50 \u2013 14:50 Uhr<br>7:50 \u2013 14:50 Uhr<br>7:50 \u2013 14:50 Uhr<br>7:50 \u2013 14:05 Uhr<br>7:50 \u2013 11:55 Uhr<\/td><td>7:50 \u2013 11:30 Uhr<br>7:50 \u2013 11:30 Uhr<br>7:50 \u2013 11:30 Uhr<br>7:50 \u2013 11:30 Uhr<br>7:50 \u2013 11:55 Uhr<\/td><td>7:50 \u2013 13:00 Uhr<br>7:50 \u2013 13:00 Uhr<br>7:50 \u2013 13:00 Uhr<br>7:50 \u2013 11:30 Uhr<br>7:50 \u2013 11:55 Uhr<\/td><\/tr><\/tbody><\/table><\/figure>\n\n\n\n<p><br><strong>Intensive Berufsvorbereitung&nbsp;im GE-Bereich durch Praktika und Zusammenarbeit mit:<\/strong><br>\u2013 den Berufsbildenden Schulen Bersenbr\u00fcck<br>\u2013 den Gemeinn\u00fctzigen Werkst\u00e4tten Bersenbr\u00fcck<br>\u2013 der Koordinierungsstelle Berufsorientierung (KOBO)<br>\u2013 der Agentur f\u00fcr Arbeit<br>\u2013 zahlreichen Betrieben<br><br><strong>Nachmittagsangebot im GE-Bereich&nbsp;<\/strong>(inkl. Mittagessen):<br>\u2013 Ganzt\u00e4gige Beschulung (Mo-Do)<br>\u2013 Die Sch\u00fcler:innen werden in der Regel morgens von Taxen von zu Hause abgeholt und nachmittags wieder nach Hause gebracht. Einige Sch\u00fcler nutzten \u2013 je nach Alter, Mobilit\u00e4t und Selbst\u00e4ndigkeit \u2013 auch \u00f6ffentliche Verkehrsmittel.<br><br><strong>Besondere Angebote:<\/strong><br>\u2013&nbsp;Ergotherapie (nur GE-Bereich)<br>\u2013&nbsp;Logop\u00e4die (nur GE-Bereich)<br>\u2013 Sch\u00fclerchor<br>\u2013 Erwerb des&nbsp;Mofaf\u00fchrerscheins<br>\u2013 Klassenfahrten und Ausfl\u00fcge<br>\u2013&nbsp;Sch\u00fclerfirma<br>\u2013&nbsp;Mensa<br>\u2013 Feiern und Sportfeste<br>\u2013 Intensive Elternarbeit<\/p>\n","protected":false},"excerpt":{"rendered":"<p>Die Wilhelm-Busch-Schule ist eine F\u00f6rderschule mit den Schwerpunkten Geistige Entwicklung (GE) sowie Emotionale und Soziale Entwicklung (ESE) In unserer Schule werden Jungen und M\u00e4dchen mit Unterst\u00fctzungsbedarf den F\u00f6rderschwerpunkten Geistige Entwicklung sowie Emotionale und Soziale Entwicklung unterrichtet. Unsere Schule gibt es seit 1964. Sie ist in Tr\u00e4gerschaft des Landkreises Osnabr\u00fcck. F\u00f6rderschule mit dem Schwerpunkt Geistige Entwicklung [&hellip;]<\/p>\n","protected":false},"author":9194125,"featured_media":0,"parent":0,"menu_order":0,"comment_status":"closed","ping_status":"closed","template":"","meta":{"footnotes":""},"class_list":["post-114","page","type-page","status-publish","hentry"],"_links":{"self":[{"href":"https:\/\/wordpress.nibis.de\/wbsbram\/wp-json\/wp\/v2\/pages\/114","targetHints":{"allow":["GET"]}}],"collection":[{"href":"https:\/\/wordpress.nibis.de\/wbsbram\/wp-json\/wp\/v2\/pages"}],"about":[{"href":"https:\/\/wordpress.nibis.de\/wbsbram\/wp-json\/wp\/v2\/types\/page"}],"author":[{"embeddable":true,"href":"https:\/\/wordpress.nibis.de\/wbsbram\/wp-json\/wp\/v2\/users\/9194125"}],"replies":[{"embeddable":true,"href":"https:\/\/wordpress.nibis.de\/wbsbram\/wp-json\/wp\/v2\/comments?post=114"}],"version-history":[{"count":17,"href":"https:\/\/wordpress.nibis.de\/wbsbram\/wp-json\/wp\/v2\/pages\/114\/revisions"}],"predecessor-version":[{"id":1553,"href":"https:\/\/wordpress.nibis.de\/wbsbram\/wp-json\/wp\/v2\/pages\/114\/revisions\/1553"}],"wp:attachment":[{"href":"https:\/\/wordpress.nibis.de\/wbsbram\/wp-json\/wp\/v2\/media?parent=114"}],"curies":[{"name":"wp","href":"https:\/\/api.w.org\/{rel}","templated":true}]}}