{"id":163,"date":"2024-03-11T11:40:38","date_gmt":"2024-03-11T10:40:38","guid":{"rendered":"https:\/\/wordpress.nibis.de\/wbsbram\/?page_id=163"},"modified":"2024-12-11T14:05:11","modified_gmt":"2024-12-11T13:05:11","slug":"impressum","status":"publish","type":"page","link":"https:\/\/wordpress.nibis.de\/wbsbram\/impressum\/","title":{"rendered":"Impressum"},"content":{"rendered":"\n<p><strong>Wilhelm-Busch-Schule<br>Schleptruper Stra\u00dfe 64<br>49565 Bramsche<br><\/strong><br>Tel.: 05461\/3210<br>Fax: 05461\/72398<br>E-Mail: kontakt(at)wbs-bramsche.de<br>Internet: https:\/\/wordpress.nibis.de\/wbsbram\/<strong><br><br>Vertretungsberechtigt:<br><\/strong>Land Niedersachsen<br>vertreten durch Schulleiter Julian Schreiber<\/p>\n\n\n\n<p><strong><br>Schultr\u00e4ger:<br><\/strong>Landkreis Osnabr\u00fcck<br>Kreishaus<br>Am Sch\u00f6lerberg 1<br>49082 Osnabr\u00fcck<\/p>\n\n\n\n<p>Tel.: 0541\/501-4042<br>Fax: 0541\/501-4407<br>Internet:\u00a0<a rel=\"noreferrer noopener\" href=\"http:\/\/www.landkreis-osnabrueck.de\/\" target=\"_blank\">http:\/\/www.landkreis-osnabrueck.de<\/a><br>E-Mail: info(at)landkreis-osnabrueck.de<strong><br><br><br>Verantwortlich f\u00fcr die Homepage:<br><\/strong>Christian Bruns, Nicole Hemme, Julia Rolfes<br>E-Mail: homepage(at)wbs-bramsche.de<strong><br><br><br>Haftungsausschluss<br>Disclaimer:<\/strong><\/p>\n\n\n\n<p><strong>1. Inhalt des Onlineangebotes<br><\/strong>Die Autoren, die F\u00f6rderschule bzw. dessen Schulleitung \u00fcbernehmen keinerlei Gew\u00e4hr f\u00fcr die Aktualit\u00e4t, Korrektheit, Vollst\u00e4ndigkeit oder Qualit\u00e4t der bereitgestellten Informationen. Haftungsanspr\u00fcche gegen den Autor, die sich auf Sch\u00e4den materieller oder ideeller Art beziehen, welche durch die Nutzung oder Nichtnutzung der dargebotenen Informationen bzw. durch die Nutzung fehlerhafter und unvollst\u00e4ndiger Informationen verursacht wurden, sind grunds\u00e4tzlich ausgeschlossen, sofern seitens des Autors kein nachweislich vors\u00e4tzliches oder grob fahrl\u00e4ssiges Verschulden vorliegt. Alle Angebote sind freibleibend und unverbindlich. Der Autor beh\u00e4lt es sich ausdr\u00fccklich vor, Teile der Seiten oder das gesamte Angebot ohne gesonderte Ank\u00fcndigung zu ver\u00e4ndern, zu erg\u00e4nzen, zu l\u00f6schen oder die Ver\u00f6ffentlichung zeitweise oder endg\u00fcltig einzustellen.<\/p>\n\n\n\n<p><strong>2. Verweise und Links<br><\/strong>Sofern auf Links direkt oder indirekt verwiesen wird, die au\u00dferhalb des Verantwortungsbereiches des Autors liegen, haftet dieser nur dann, wenn er von den Inhalten Kenntnis hat und es ihm technisch m\u00f6glich und zumutbar w\u00e4re, die Nutzung im Falle rechtswidriger Inhalte zu verhindern. F\u00fcr dar\u00fcber hinausgehende Inhalte und insbesondere f\u00fcr Sch\u00e4den, die aus der Nutzung oder Nichtnutzung solcherart dargebotener Informationen entstehen, haftet allein der Anbieter dieser Seiten, nicht derjenige, der \u00fcber Links auf die jeweilige Ver\u00f6ffentlichung lediglich verweist. Diese Einschr\u00e4nkung gilt gleicherma\u00dfen auch f\u00fcr Fremdeintr\u00e4ge in vom Autor eingerichteten G\u00e4steb\u00fcchern, Diskussionsforen und Mailinglisten.<\/p>\n\n\n\n<p><strong>3. Urheberrecht<br><\/strong>Die Autoren sind bestrebt, in allen Publikationen die Urheberrechte der verwendeten Grafiken, Sounds und Texte zu beachten, von ihm selbst erstellte Grafiken, Sounds und Texte zu nutzen oder auf lizenzfreie Grafiken, Sounds und Texte zur\u00fcckzugreifen. Sollte sich auf den jeweiligen Seiten dennoch eine ungekennzeichnete, aber durch fremdes Copyright gesch\u00fctzte Grafik, ein Sound oder Text befinden, so konnte das Copyright vom Autor nicht festgestellt werden. Im Falle einer solchen unbeabsichtigten Copyrightverletzung wird der Autor das entsprechende Objekt nach Benachrichtigung aus seiner Publikation entfernen bzw. mit dem entsprechenden Copyright kenntlich machen. Das Copyright f\u00fcr ver\u00f6ffentlichte, vom Autor selbst erstellte Objekte bleibt allein beim Autor der Seiten. Eine Vervielf\u00e4ltigung oder Verwendung solcher Grafiken, Sounds oder Texte in anderen elektronischen oder gedruckten Publikationen ist ohne ausdr\u00fcckliche Zustimmung des Autors nicht gestattet.<\/p>\n\n\n\n<p><strong>4. Rechtswirksamkeit dieses Haftungsausschlusses<\/strong><br>Sofern Teile oder einzelne Formulierungen dieses Textes der geltenden Rechtslage nicht, nicht mehr oder nicht vollst\u00e4ndig entsprechen sollten, bleiben die \u00fcbrigen Teile des Dokumentes in ihrem Inhalt und ihrer G\u00fcltigkeit davon unber\u00fchrt.<\/p>\n","protected":false},"excerpt":{"rendered":"<p>Wilhelm-Busch-SchuleSchleptruper Stra\u00dfe 6449565 BramscheTel.: 05461\/3210Fax: 05461\/72398E-Mail: kontakt(at)wbs-bramsche.deInternet: https:\/\/wordpress.nibis.de\/wbsbram\/ Vertretungsberechtigt:Land Niedersachsenvertreten durch Schulleiter Julian Schreiber Schultr\u00e4ger:Landkreis Osnabr\u00fcckKreishausAm Sch\u00f6lerberg 149082 Osnabr\u00fcck Tel.: 0541\/501-4042Fax: 0541\/501-4407Internet:\u00a0http:\/\/www.landkreis-osnabrueck.deE-Mail: info(at)landkreis-osnabrueck.de Verantwortlich f\u00fcr die Homepage:Christian Bruns, Nicole Hemme, Julia RolfesE-Mail: homepage(at)wbs-bramsche.de HaftungsausschlussDisclaimer: 1. Inhalt des OnlineangebotesDie Autoren, die F\u00f6rderschule bzw. dessen Schulleitung \u00fcbernehmen keinerlei Gew\u00e4hr f\u00fcr die Aktualit\u00e4t, Korrektheit, Vollst\u00e4ndigkeit oder Qualit\u00e4t der [&hellip;]<\/p>\n","protected":false},"author":9194125,"featured_media":0,"parent":0,"menu_order":0,"comment_status":"closed","ping_status":"closed","template":"","meta":{"footnotes":""},"class_list":["post-163","page","type-page","status-publish","hentry"],"_links":{"self":[{"href":"https:\/\/wordpress.nibis.de\/wbsbram\/wp-json\/wp\/v2\/pages\/163","targetHints":{"allow":["GET"]}}],"collection":[{"href":"https:\/\/wordpress.nibis.de\/wbsbram\/wp-json\/wp\/v2\/pages"}],"about":[{"href":"https:\/\/wordpress.nibis.de\/wbsbram\/wp-json\/wp\/v2\/types\/page"}],"author":[{"embeddable":true,"href":"https:\/\/wordpress.nibis.de\/wbsbram\/wp-json\/wp\/v2\/users\/9194125"}],"replies":[{"embeddable":true,"href":"https:\/\/wordpress.nibis.de\/wbsbram\/wp-json\/wp\/v2\/comments?post=163"}],"version-history":[{"count":4,"href":"https:\/\/wordpress.nibis.de\/wbsbram\/wp-json\/wp\/v2\/pages\/163\/revisions"}],"predecessor-version":[{"id":879,"href":"https:\/\/wordpress.nibis.de\/wbsbram\/wp-json\/wp\/v2\/pages\/163\/revisions\/879"}],"wp:attachment":[{"href":"https:\/\/wordpress.nibis.de\/wbsbram\/wp-json\/wp\/v2\/media?parent=163"}],"curies":[{"name":"wp","href":"https:\/\/api.w.org\/{rel}","templated":true}]}}