{"id":910,"date":"2024-12-15T10:54:47","date_gmt":"2024-12-15T09:54:47","guid":{"rendered":"https:\/\/wordpress.nibis.de\/wbsbram\/?page_id=910"},"modified":"2024-12-15T10:54:49","modified_gmt":"2024-12-15T09:54:49","slug":"reittherapie","status":"publish","type":"page","link":"https:\/\/wordpress.nibis.de\/wbsbram\/therapie\/reittherapie\/","title":{"rendered":"Reittherapie"},"content":{"rendered":"\n<p>In der Reittherapie werden verschiedene Entwicklungsbereiche angesprochen, z.B. Wahrnehmung, Motorik, Sozialverhalten, Kommunikation.<\/p>\n\n\n\n<p>Die \u201cHeilp\u00e4dagogische F\u00f6rderung mit dem Pferd\u201d (kurz: Reittherapie) umfasst auf der Grundlage der Heilp\u00e4dagogik und Psychologie Ma\u00dfnahmen zur ganzheitlichen und individuellen F\u00f6rderung von Kindern und Jugendlichen \u00fcber das Medium Pferd.<br><br><br>Bei uns wird Reittherapie f\u00fcr Sch\u00fcler:innen des Bereiches \u201cGeistige Entwicklung\u201d angeboten.<br><br>Einmal in der Woche gehen wir f\u00fcr 2 Schulstunden reiten.<br><br>Die Therapie erfolgt in Kleingruppen (2-4 Sch\u00fcler:innen).<br><br>Nur durch eine finanzielle Unterst\u00fctzung durch Sponsoren, wie z.B. die B\u00fcrgerstiftung in Bramsche, ist diese Therapieform m\u00f6glich.<br><br>Gut ausgebildete Pferde und Ponys stellt uns Sandra Dietrichsen auf dem Hof Kr\u00f6ber in Bramsche zur Verf\u00fcgung.<br><br>Individuelle Ziele der Sch\u00fcler werden vorab mit den Klassenlehrern, P\u00e4dagogen und dem Therapeutenteam besprochen.<br><br>Die Reittherapie hat das Ziel, Verhaltensauff\u00e4lligkeiten und Entwicklungsverz\u00f6gerungen (motorisch, emotional-sozial oder kognitiv) gezielt und ressourcenorientiert anzugehen<br><br>Dazu geh\u00f6ren folgende Bereiche:<br><br>\u2013 Wahrnehmung und Orientierung,<br>\u2013 Sozial- und Beziehungsverhalten, Interaktion in der Gruppe<br>\u2013 Motorik, insbesondere sensomotorische Integration:<br>   Bewegungssteuerung und Bewegungsverhalten<br>\u2013 Kommunikation und Sprache<br>\u2013 Koordination und Kognition<br>\u2013 K\u00f6rperschema und K\u00f6rpererleben<br>\u2013 Konzentration und Motivation (emotionaler Antrieb)<br>\u2013 Selbsteinsch\u00e4tzung und Frustrationstoleranz<br>\u2013 Selbstwertgef\u00fchl<\/p>\n\n\n\n<p>\u201cDas Pferd reagiert nicht auf das Sein (die jeweilige Behinderung),<br>sondern auf das Verhalten, die Art der Zuwendung!\u201d<\/p>\n","protected":false},"excerpt":{"rendered":"<p>In der Reittherapie werden verschiedene Entwicklungsbereiche angesprochen, z.B. Wahrnehmung, Motorik, Sozialverhalten, Kommunikation. Die \u201cHeilp\u00e4dagogische F\u00f6rderung mit dem Pferd\u201d (kurz: Reittherapie) umfasst auf der Grundlage der Heilp\u00e4dagogik und Psychologie Ma\u00dfnahmen zur ganzheitlichen und individuellen F\u00f6rderung von Kindern und Jugendlichen \u00fcber das Medium Pferd. Bei uns wird Reittherapie f\u00fcr Sch\u00fcler:innen des Bereiches \u201cGeistige Entwicklung\u201d angeboten. Einmal in [&hellip;]<\/p>\n","protected":false},"author":9194125,"featured_media":0,"parent":77,"menu_order":0,"comment_status":"closed","ping_status":"closed","template":"","meta":{"footnotes":""},"class_list":["post-910","page","type-page","status-publish","hentry"],"_links":{"self":[{"href":"https:\/\/wordpress.nibis.de\/wbsbram\/wp-json\/wp\/v2\/pages\/910","targetHints":{"allow":["GET"]}}],"collection":[{"href":"https:\/\/wordpress.nibis.de\/wbsbram\/wp-json\/wp\/v2\/pages"}],"about":[{"href":"https:\/\/wordpress.nibis.de\/wbsbram\/wp-json\/wp\/v2\/types\/page"}],"author":[{"embeddable":true,"href":"https:\/\/wordpress.nibis.de\/wbsbram\/wp-json\/wp\/v2\/users\/9194125"}],"replies":[{"embeddable":true,"href":"https:\/\/wordpress.nibis.de\/wbsbram\/wp-json\/wp\/v2\/comments?post=910"}],"version-history":[{"count":1,"href":"https:\/\/wordpress.nibis.de\/wbsbram\/wp-json\/wp\/v2\/pages\/910\/revisions"}],"predecessor-version":[{"id":911,"href":"https:\/\/wordpress.nibis.de\/wbsbram\/wp-json\/wp\/v2\/pages\/910\/revisions\/911"}],"up":[{"embeddable":true,"href":"https:\/\/wordpress.nibis.de\/wbsbram\/wp-json\/wp\/v2\/pages\/77"}],"wp:attachment":[{"href":"https:\/\/wordpress.nibis.de\/wbsbram\/wp-json\/wp\/v2\/media?parent=910"}],"curies":[{"name":"wp","href":"https:\/\/api.w.org\/{rel}","templated":true}]}}